NOAA-Style Climate Reports

Select a Year or Month report
2018: Jan Feb Mar Apr May Jun Jul Aug Sep Oct Nov Dec
2017: Jan Feb Mar Apr May Jun Jul Aug Sep Oct Nov Dec
2016: Jan Feb Mar Apr May Jun Jul Aug Sep Oct Nov Dec
2015: Jan Feb Mar Apr May Jun Jul Aug Sep Oct Nov Dec
2014: Jan Feb Mar Apr May Jun Jul Aug Sep Oct Nov Dec
2013: Jan Feb Mar Apr May Jun Jul Aug Sep Oct Nov Dec
2012: Jan Feb Mar Apr May Jun Jul Aug Sep Oct Nov Dec
2011: Jan Feb Mar Apr May Jun Jul Aug Sep Oct Nov Dec
2010: Jan Feb Mar Apr May Jun Jul Aug Sep Oct Nov Dec

Report for 2014 February
                    MONTHLY CLIMATOLOGICAL SUMMARY for FEB. 2014

NAME:    CITY:  STATE: 
ELEV: 0 LAT: 038:54:02 LONG: 0104:42:23

                            TEMPERATURE ( °F), RAIN (in.), WIND SPEED (mph)

                                               HEAT     COOL           AVG
      MEAN                                     DEG      DEG            WIND                       DOM
DAY   TEMP    HIGH   TIME     LOW    TIME      DAYS     DAYS    RAIN   SPEED    HIGH    TIME      DIR
----------------------------------------------------------------------------------------------------------------------------------------------------------
01    20.6   028.4   11:03    04.6   22:05     44.3     00.0   00.00   00.8     08.1    06:03      NW
02    14.1   029.1   13:01   -03.6   07:04     50.8     00.0   00.16   00.2     05.8    11:04      NW
03    23.4   039.7   11:03    07.2   05:02     41.6     00.0   00.05   01.2     11.5    17:05     WNW
04    14.7   023.4   10:02   -00.6   00:00     50.2     00.0   00.00   02.4     19.6    21:03      SE
05   -04.2   003.6   09:11   -12.1   00:00     69.1     00.0   00.00   01.0     09.2    13:01     SSE
06   -04.6   007.5   14:03   -15.1   06:05     69.6     00.0   00.00   00.1     04.6    14:00     NNE
07    25.7   045.6   11:04   -01.7   00:01     39.2     00.0   00.05   01.1     10.3    18:01      N 
08    37.7   049.6   14:01    21.7   04:03     27.2     00.0   00.00   03.7     28.8    15:00      N 
09    25.0   039.7   00:07    17.2   09:11     39.9     00.0   00.00   00.6     05.8    13:03      N 
10    24.8   033.6   16:00    17.8   00:15     40.1     00.0   00.00   00.3     06.9    21:02      SE
11    30.7   044.4   12:01    16.2   05:05     34.2     00.0   00.00   00.6     08.1    23:00      E 
12    29.5   040.9   00:00    19.9   06:05     35.5     00.0   00.00   01.0     11.5    23:03     ENE
13    47.4   057.0   12:05    37.7   07:00     17.5     00.0   00.00   04.4     24.1    02:01     ENE
14    34.3   042.3   08:03    27.2   23:00     30.6     00.0   00.00   01.3     10.3    07:01     ENE
15    47.2   061.7   11:05    28.1   00:01     17.8     00.0   00.00   05.7     34.5    13:02      NE
16    45.4   061.6   11:05    30.7   04:02     19.5     00.0   00.00   03.6     35.6    21:04      N 
17    45.7   058.7   14:04    30.9   06:01     19.2     00.0   00.00   04.1     28.8    00:06      N 
18    49.4   059.5   16:00    32.9   22:04     15.6     00.0   00.00   05.7     33.4    01:00      N 
19    39.9   057.1   15:03    25.7   00:00     25.1     00.0   00.00   02.4     20.7    21:01      N 
20    26.1   033.3   12:02    13.6   07:00     38.8     00.0   00.01   04.3     23.0    12:03      N 
21    37.9   048.0   15:02    30.7   06:03     27.1     00.0   00.00   06.4     28.8    14:01     NNW
22    40.6   051.5   14:00    26.7   00:00     24.4     00.0   00.00   04.2     24.1    14:02     WNW
23    28.4   042.4   13:04    22.1   23:02     36.6     00.0   00.00   01.1     09.2    00:15     NNW
24    38.3   061.2   14:01    20.8   02:01     26.6     00.0   00.00   02.6     25.3    14:03      N 
25    25.6   057.1   11:05    13.3   20:03     39.3     00.0   00.00   02.9     23.0    15:05      N 
26    28.5   050.7   11:03    08.2   05:04     36.4     00.0   00.00   01.5     12.7    12:00      N 
27    38.7   057.6   11:01    21.6   02:00     26.3     00.0   00.00   01.1     10.3    23:01     ENE
28    45.8   057.9   15:02    27.7   23:00     19.2     00.0   00.00   04.3     26.4    11:04      SE
----------------------------------------------------------------------------------------------------------------------------------------------------------
30.6 (30.6)   61.7  day 15    -15.1  day 06   961.7    000.0   00.26   02.5     35.7   day 18     N
Max <=  32: 5
Min <=  86: 28
Min <=   0: 5
Max <= 23: 2
Min <=  23: 18
Max <=  14: 2
Max <=   5: 1
Min <=   5: 6
Min <=   0: 5
Min <=  -4: 2
Min <= -13: 1
Max Rain: 0.16 ON 2-02-14
Days of Rain: 4 (> .008in) 1 (> .08in) 0 (> 0.8in)