NOAA-Style Climate Reports

Select a Year or Month report
2018: Jan Feb Mar Apr May Jun Jul Aug Sep Oct Nov Dec
2017: Jan Feb Mar Apr May Jun Jul Aug Sep Oct Nov Dec
2016: Jan Feb Mar Apr May Jun Jul Aug Sep Oct Nov Dec
2015: Jan Feb Mar Apr May Jun Jul Aug Sep Oct Nov Dec
2014: Jan Feb Mar Apr May Jun Jul Aug Sep Oct Nov Dec
2013: Jan Feb Mar Apr May Jun Jul Aug Sep Oct Nov Dec
2012: Jan Feb Mar Apr May Jun Jul Aug Sep Oct Nov Dec
2011: Jan Feb Mar Apr May Jun Jul Aug Sep Oct Nov Dec
2010: Jan Feb Mar Apr May Jun Jul Aug Sep Oct Nov Dec

Report for 2014 January

                            MONTHLY CLIMATOLOGICAL SUMMARY for JAN. 2014

Name: StetsonWX.com   City: Colorado Springs   State: Colorado
Elevation: 6584 ft  Lat: N 38° 54' 02"   Lon: W 104° 42' 23"

                            TEMPERATURE ( °F), RAIN (in.), WIND SPEED (mph)

                                               HEAT     COOL           AVG
      MEAN                                     DEG      DEG            WIND                       DOM
DAY   TEMP    HIGH   TIME     LOW    TIME      DAYS     DAYS    RAIN   SPEED    HIGH    TIME      DIR
----------------------------------------------------------------------------------------------------------------------------------------------------------
01    30.2   039.1   13:01    17.1   00:00     34.8     00.0   00.00   03.2     19.6    15:00      NE
02    28.4   047.0   12:02    15.3   07:05     36.5     00.0   00.00   00.8     09.2    13:03      N 
03    45.1   058.3   12:01    26.9   07:04     19.8     00.0   00.00   03.4     23.0    20:04      NW
04    22.0   040.9   01:00    03.5   00:00     42.9     00.0   00.00   02.4     14.9    16:01      SE
05    06.9   016.7   08:04   -01.7   03:02     58.0     00.0   00.00   01.8     14.9    12:04      E 
06    12.2   031.6   23:04   -08.5   06:02     52.8     00.0   00.11   00.4     10.3    23:01     ENE
07    34.8   044.8   12:04    25.7   03:02     30.2     00.0   00.02   01.2     09.2    23:04     ENE
08    30.9   038.0   11:03    21.7   08:00     34.0     00.0   00.07   01.2     11.5    00:11     NNE
09    33.0   047.5   13:00    15.5   03:02     31.9     00.0   00.00   01.2     17.3    19:00     NNE
10    30.7   040.8   12:05    17.2   00:00     34.2     00.0   00.04   05.8     28.8    12:03      N 
11    37.3   057.4   13:05    17.1   01:01     27.6     00.0   00.00   01.2     20.7    04:03      NE
12    36.2   044.4   06:04    15.3   00:00     28.8     00.0   00.01   02.7     27.6    15:05      E 
13    30.7   045.1   15:05    14.7   00:17     34.2     00.0   00.00   03.8     23.0    12:04      NW
14    27.9   034.0   15:05    15.4   00:00     37.1     00.0   00.00   01.9     12.7    13:01      N 
15    27.5   050.9   16:04    15.3   01:00     37.4     00.0   00.05   00.7     12.7    17:00     NNW
16    34.1   043.0   10:02    18.7   00:00     30.8     00.0   00.00   01.9     12.7    16:02      W 
17    30.3   050.2   12:02    15.3   07:01     34.7     00.0   00.00   00.9     06.9    13:02      NE
18    35.0   054.1   13:04    22.3   07:05     30.0     00.0   00.00   01.7     13.8    11:03     NNE
19    41.7   061.3   13:03    24.4   00:17     23.2     00.0   00.00   01.4     13.8    12:01      N 
20    36.1   047.5   13:05    19.6   23:05     28.8     00.0   00.05   02.5     19.6    11:02      SE
21    37.7   060.3   13:02    16.7   05:03     27.2     00.0   00.00   02.5     24.1    13:05     ESE
22    28.2   043.3   12:05    18.1   06:01     36.8     00.0   00.00   00.9     16.1    20:03      SE
23    13.2   021.4   00:07    03.6   20:02     51.8     00.0   00.00   00.5     08.1    00:09     ESE
24    32.1   052.9   13:01    07.2   01:00     32.9     00.0   00.01   01.6     08.1    04:02      E 
25    41.3   056.3   11:05    27.4   07:03     23.7     00.0   00.00   01.3     10.3    13:01      N 
26    38.4   056.8   13:00    19.3   23:00     26.5     00.0   00.00   02.8     21.9    17:04     ENE
27    14.4   020.7   00:07    07.5   00:00     50.5     00.0   00.00   01.6     10.3    10:04      SE
28    11.3   022.3   14:02   -04.7   07:04     53.7     00.0   00.05   00.4     05.8    22:01      SE
29    31.7   047.8   00:00    08.2   00:16     33.2     00.0   00.25   01.5     23.0    19:04     SSE
30    39.5   051.4   02:04    26.1   00:00     25.4     00.0   00.01   02.7     31.1    01:05      SE
31    21.1   026.1   00:07    16.2   06:03     43.8     00.0   00.00   00.6     09.2    00:15      NW
----------------------------------------------------------------------------------------------------------------------------------------------------------
29.7 (29.2)   61.3  day 19    -08.5  day 06   1093.3    000.0   00.67   01.8     31.1   day 30      NE
Max <=  32: 6
Min <=  86: 31
Min <=   0: 3
Max <= 23: 4
Min <=  23: 26
Min <=   5: 5
Min <=   0: 3
Min <=  -4: 2
Max Rain: 0.25 ON 29-01-14
Days of Rain: 11 (> .008in) 2 (> .08in) 0 (> 0.8in)