NOAA-Style Climate Reports

Select a Year or Month report
2018: Jan Feb Mar Apr May Jun Jul Aug Sep Oct Nov Dec
2017: Jan Feb Mar Apr May Jun Jul Aug Sep Oct Nov Dec
2016: Jan Feb Mar Apr May Jun Jul Aug Sep Oct Nov Dec
2015: Jan Feb Mar Apr May Jun Jul Aug Sep Oct Nov Dec
2014: Jan Feb Mar Apr May Jun Jul Aug Sep Oct Nov Dec
2013: Jan Feb Mar Apr May Jun Jul Aug Sep Oct Nov Dec
2012: Jan Feb Mar Apr May Jun Jul Aug Sep Oct Nov Dec
2011: Jan Feb Mar Apr May Jun Jul Aug Sep Oct Nov Dec
2010: Jan Feb Mar Apr May Jun Jul Aug Sep Oct Nov Dec

Report for 2013 December
                   Monthly Climatological Summary for Dec 2013

Name: StetsonWX.com   City: Colorado Springs   State: Colorado
Elevation: 6584 ft  Lat: N 38° 54' 02"   Lon: W 104° 42' 23"

                  Temperature (°F), Rain (in), Wind Speed (mph)

                                      Heat  Cool        Avg
    Mean                              Deg   Deg         Wind                 Dom
Day Temp  High   Time   Low    Time   Days  Days  Rain  Speed High   Time    Dir
----------------------------------------------------------------------------------
 1  42.2  55.4   1:53p  25.5   5:26a  25.2   0.0  0.00   6.2  22.3  12:29a   NNE
 2  47.1  56.5  12:44p  35.1   3:54a  24.9   0.0  0.00   8.1  39.2   1:34p    SE
 3  40.6  58.6   1:16p  14.4  11:52p  31.3   0.0  0.00  11.8  34.0   9:44a   ESE
 4   6.6  14.9  12:21p  -1.8   1:27a  28.5   0.0  0.00   8.0  16.7  11:56p   ESE
 5   0.7   8.1   9:44a  -5.8  11:59p  28.1   0.0  0.00   3.4  12.9   1:52p   NNW
 6  -0.2   8.8  10:48p -10.1   4:42a  32.6   0.0  0.02   3.9  13.1  11:54p   ENE
 7   3.5   9.5   1:28p  -2.4   7:06a  20.0   0.0  0.00   2.0   6.7  12:37a    NW
 8  10.4  26.2   2:16p  -0.8  11:15p  18.5   0.0  0.00   3.8   9.6   7:52a    NW
 9   9.3  18.6   1:06p   2.3   5:17a  19.8   0.0  0.02   3.2   7.6   9:06p   NNE
10  27.8  44.8   2:17p   5.5   5:58p  13.9   0.0  0.10   7.8  44.2   7:28a    NW
11  19.2  28.9  12:38p   8.6  11:56p  19.5   0.0  0.24   3.0   7.2   1:14p   ENE
12  34.7  56.3   9:28a  17.8   4:45a  17.9   0.0  0.00   3.6   8.1   9:58p   NNE
13  36.3  48.2   3:31p  22.8   4:02a  11.4   0.0  0.00   7.9  18.3  12:27a   NNW
14  28.0  40.3  12:52p  18.3   6:03a  11.5   0.0  0.00   3.5  11.9   2:01p    SE
15  36.8  51.4  12:00a  19.4  11:53p  25.8   0.0  0.00   3.7  14.6  12:44p   NNE
16  42.9  59.9  11:31a  29.7   1:26a  45.6   0.0  0.00   4.8  16.1  10:15a     E
17  37.0  54.5  10:07a  25.3   7:35a  49.6   0.0  0.00   3.3   7.2  10:49a    NE
18  51.1  63.5  12:43p  35.6   2:16a  33.9   0.0  0.00   5.9  15.6   2:16a   ESE
19  42.5  55.9  10:11a  22.5   2:17a  15.0   0.0  0.00   6.5  22.8   8:21p   ESE
20  21.5  25.0  11:59a  16.2   9:50p  27.6   0.0  0.00   2.2   8.9   3:47p     N
21  24.6  39.4   1:16p  12.6  12:22a  29.8   0.0  0.11   4.6  16.1   5:37a   NNW
22  22.8  32.9   1:32p  10.8  11:55p  23.6   0.0  0.11   1.3   8.6   1:40p     N
23  21.2  30.7   1:34p  12.7  11:58p  33.9   0.0  0.00   1.3   6.8   8:24p    NE
24  38.0  53.0   2:26p  16.2   7:23a  40.1   0.0  0.00   4.2  15.3   3:16a   WNW
25  24.3  39.7   2:56p  12.7   5:51a  40.0   0.0  0.00   1.1   6.0  10:58p   NNW
26  34.9  51.6   1:52p  18.5   7:32a  49.7   0.0  0.00   1.1   6.1  10:20a   NNW
27  35.7  57.7  10:16a  20.8   7:59a  46.1   0.0  0.09   1.7   3.6  12:22a     S
28  37.9  59.0  12:50p  23.7   5:16a  46.5   0.0  0.00   3.3  12.0   4:30p   SSE
29  22.4  29.3  12:47p  16.7   6:19a  48.2   0.0  0.00   2.0   8.7   9:29a   ESE
30  32.9  44.4   1:12p  20.1   5:17a  48.8   0.0  0.00   1.6   5.6  10:34a    SE
31  38.1  54.7   1:51p  20.8   3:20a  48.7   0.0  0.00   2.3   7.4   9:49a    SE
----------------------------------------------------------------------------------
    28.1  43.6     18   15.0    6   966.0   0.0  0.69   3.7   13.5     10      NE

Max >=  80.0:  0
Max <=  32.0:  10
Min <=  32.0: 29
Min <=   0.0:  5
Max Rain: 0.24 on day 11
Days of Rain: 7 (>= 0.01 in)  4 (>= 0.10 in)  0 (>= 1.00 in)
Heat Base: 65.0  Cool Base: 65.0  Method: Integration