NOAA-Style Climate Reports

Select a Year or Month report
2018: Jan Feb Mar Apr May Jun Jul Aug Sep Oct Nov Dec
2017: Jan Feb Mar Apr May Jun Jul Aug Sep Oct Nov Dec
2016: Jan Feb Mar Apr May Jun Jul Aug Sep Oct Nov Dec
2015: Jan Feb Mar Apr May Jun Jul Aug Sep Oct Nov Dec
2014: Jan Feb Mar Apr May Jun Jul Aug Sep Oct Nov Dec
2013: Jan Feb Mar Apr May Jun Jul Aug Sep Oct Nov Dec
2012: Jan Feb Mar Apr May Jun Jul Aug Sep Oct Nov Dec
2011: Jan Feb Mar Apr May Jun Jul Aug Sep Oct Nov Dec
2010: Jan Feb Mar Apr May Jun Jul Aug Sep Oct Nov Dec

Report for 2013 November
                   Monthly Climatological Summary for Nov 2013

Name: StetsonWX.com   City: Colorado Springs   State: Colorado
Elevation: 6584 ft  Lat: N 38° 54' 02"   Lon: W 104° 42' 23"

                  Temperature (°F), Rain (in), Wind Speed (mph)

                                      Heat  Cool        Avg
    Mean                              Deg   Deg         Wind                 Dom
Day Temp  High   Time   Low    Time   Days  Days  Rain  Speed High   Time    Dir
----------------------------------------------------------------------------------
 1  40.7  48.4  12:24p  27.5   6:42a  16.9   0.7  0.00   5.6  17.1   2:00p    NE
 2  39.2  58.1   1:19p  24.8  11:57p  14.2   1.1  0.00   3.4  21.6   1:30p   ESE
 3  50.4  65.1   2:16p  35.2  12:12a  11.9   0.5  0.00   6.9  30.0  10:08a     E
 4  32.9  40.3  12:14p  25.2   4:18a  14.6   0.0  0.00   5.0  14.0   4:26p   ENE
 5  30.0  37.8   2:23p  15.4   5:28a  27.2   0.0  0.00   7.1  22.5   8:49a     E
 6  32.5  52.0  10:02a  14.0   6:51a  31.3   0.0  0.00   4.2  17.3  12:16p    NE
 7  36.4  51.4   1:32p  22.1  12:25a  30.6   0.0  0.00   3.8   8.8   1:08p    SE
 8  49.8  68.4  12:55p  31.5   4:57a  25.9   0.0  0.00   8.3  32.0   1:21p    SE
 9  42.3  57.6   2:41p  31.3   3:17a  22.7   0.0  0.00   3.3  12.3  11:46a   ESE
10  43.6  63.7  12:24p  27.9   4:52a  20.1   0.0  0.00   2.0   9.7  11:32p   ENE
11  45.1  64.2   1:41p  27.7   4:09a  29.0   0.0  0.00   4.4  18.3   8:35a   NNW
12  37.6  54.1   1:07p  25.5   6:55a  30.8   0.0  0.00   3.4  10.8   9:36a    SE
13  45.9  65.5   1:22p  26.2   5:48a  29.3   0.0  0.00   4.1  10.9  12:31p   ESE
14  45.7  56.1  12:51p  34.2   4:13a  22.3   0.0  0.00   6.2  18.9  12:51p   ESE
15  42.9  60.3   1:07p  26.6   7:09a  23.4   0.0  0.00   4.5  18.2   2:48p   ESE
16  41.4  52.0   9:12a  33.6  12:55a  25.1   0.0  0.00   8.7  27.6   3:48p   NNW
17  40.3  51.1   2:30p  30.6  11:59p  34.6   0.0  0.08   6.4  21.8   7:39a   NNW
18  36.9  56.8  12:24p  19.6   1:49a  28.5   0.0  0.01   3.4   8.8  10:19a    NW
19  43.4  58.6   2:33p  27.1   1:29a  33.7   0.0  0.00   4.5  14.2   2:05p    SE
20  43.4  56.1  11:43a  29.1  11:58p  28.5   0.0  0.00   4.6  11.8  11:50a    NW
21  18.5  42.8   3:52p  10.6   6:11a  40.3   0.0  0.00  10.2  20.3  12:32a   ENE
22  24.8  30.4   4:22p  16.0   5:38a  22.2   1.6  0.01   4.2  15.3   8:42a     E
23  25.3  33.3  11:46a  20.5   1:35a  23.9   0.0  0.00   4.8  14.4   2:08p     E
24  25.2  33.4   1:08p  18.7   2:05a  22.2   0.0  0.01   5.5  25.3  11:21a    NW
25  31.2  36.1  12:26p  22.6  11:51p  26.3   0.0  0.00   4.1  29.9   1:08p    NE
26  31.3  43.9  12:00a  21.2  11:44p  42.7   0.0  0.00   3.4  15.0   4:33p    SE
27  35.9  53.6   9:41a  21.4   7:19a  50.6   0.0  0.05   3.0   6.9  12:22a    SE
28  32.4  43.2   2:29p  21.6   3:13a  47.3   0.0  0.00   5.6   9.4   1:19a     S
29  40.7  57.6  12:54p  21.4   4:39a  44.6   0.0  0.02   4.3  16.5   3:36a   WSW
30  41.6  56.5   3:06p  26.4   6:38a  43.0   0.0  0.00   4.6  13.2   7:07p    NW
----------------------------------------------------------------------------------
    37.6  51.6    22    24.5     6   863.7   3.9  0.18   4.8  16.6     8      SE

Max >=  80.0:  0
Max <=  32.0:  1
Min <=  32.0: 27
Min <=   0.0:  0
Max Rain: 0.08 on day 17
Days of Rain: 6 (>= 0.01 in)  0 (>= 0.10 in)  0 (>= 1.00 in)
Heat Base: 65.0  Cool Base: 65.0  Method: Integration