NOAA-Style Climate Reports

Select a Year or Month report
2018: Jan Feb Mar Apr May Jun Jul Aug Sep Oct Nov Dec
2017: Jan Feb Mar Apr May Jun Jul Aug Sep Oct Nov Dec
2016: Jan Feb Mar Apr May Jun Jul Aug Sep Oct Nov Dec
2015: Jan Feb Mar Apr May Jun Jul Aug Sep Oct Nov Dec
2014: Jan Feb Mar Apr May Jun Jul Aug Sep Oct Nov Dec
2013: Jan Feb Mar Apr May Jun Jul Aug Sep Oct Nov Dec
2012: Jan Feb Mar Apr May Jun Jul Aug Sep Oct Nov Dec
2011: Jan Feb Mar Apr May Jun Jul Aug Sep Oct Nov Dec
2010: Jan Feb Mar Apr May Jun Jul Aug Sep Oct Nov Dec

Report for 2013 October
                   Monthly Climatological Summary for Oct 2013

Name: StetsonWX.com   City: Colorado Springs   State: Colorado
Elevation: 6584 ft  Lat: N 38° 54' 02"   Lon: W 104° 42' 23"

                  Temperature (°F), Rain (in), Wind Speed (mph)

                                      Heat  Cool        Avg
    Mean                              Deg   Deg         Wind                 Dom
Day Temp  High   Time   Low    Time   Days  Days  Rain  Speed High   Time    Dir
----------------------------------------------------------------------------------
 1  62.9  74.1   1:27p  48.2   3:44a   0.3   3.4  0.00   5.7  14.6   5:27p    SE
 2  59.6  74.5   5:06p  46.4  10:56p   4.9   5.4  0.00   4.2  13.5   7:43p    SE
 3  57.6  72.3  12:25p  42.6   6:21a   1.6   7.4  0.00   4.3  15.8   7:11p    NE
 4  39.8  50.5   3:15p  29.3   6:07a   3.4   2.1  0.06  12.7  30.7   6:56p     N
 5  40.4  57.9   1:01p  25.7   4:57a   1.0   2.1  0.00   5.0  23.2  12:25p    NE
 6  47.4  84.6   3:51p  30.9   5:49a   0.6   3.3  0.00   3.1  10.8   3:55p    SW
 7  53.6  73.2   1:13p  34.5   9:30a   0.6   2.9  0.00   3.2  10.9  10:54a     E
 8  57.9  74.8   3:07p  44.1   6:23a  21.7   7.3  0.00   3.4  10.5   4:08p   SSE
 9  57.5  71.8   4:48p  45.1   6:06a   1.3   6.9  0.00   5.0  14.1  11:58a    SE
10  50.3  63.3   4:19p  39.2   3:24a   1.2   4.3  0.01   5.3  32.6   4:14p    SE
11  50.4  63.1   1:44p  42.3  11:40p   0.9   3.7  0.04   8.2  29.8  12:49p    NE
12  45.1  53.1   4:16p  39.0   5:27a   2.1   0.9  0.01   5.4  15.9   5:02p    SE
13  46.3  61.0   3:57p  30.7   1:20a   3.0   0.6  0.12   4.7  15.6   2:10p    NE
14  46.9  60.1  12:40p  34.9   5:07a   0.9   0.5  0.10   8.8  32.8   5:50p    SE
15  34.9  40.1  11:41a  30.6   6:10a   0.0   0.0  0.00   6.3  17.3   1:57p    NE
16  37.9  52.0   3:53p  30.4   1:46a   0.0   6.0  0.00   3.4  10.6   3:26p   WNW
17  40.6  53.2   2:50p  30.4   5:48a   0.8   5.3  0.00   4.8  10.5   5:32p   ESE
18  34.2  41.9   3:27p  26.1   5:16a   1.0   3.1  0.08   4.2  13.8   7:56p    NE
19  40.8  59.2   3:13p  24.3   6:29a   1.9   4.1  0.01   3.5   8.2   5:43p     N
20  41.4  54.1   1:47p  32.9   3:35a   3.0   3.6  0.07   5.5  14.2   5:26p    NE
21  38.9  54.7   1:48p  25.7   5:52a   1.7   1.9  0.01   3.2   8.4   7:15p    NE
22  45.2  62.6   1:52p  31.1   5:14a   0.7   3.9  0.00   3.2  12.2   4:20p     E
23  48.5  66.7   1:57p  32.9   4:27a   0.6   1.2  0.00   3.9   8.6   4:19p     N
24  41.3  55.2  12:07p  29.7   4:50a   5.4   0.0  0.00   2.9   8.4   7:59p   SSE
25  46.9  66.0   2:28p  29.5   6:06a   1.0   1.9  0.00   3.1  13.9   4:14p   ENE
26  48.8  60.1  12:18p  36.3   4:28a   1.7   1.5  0.00   6.2  15.4   3:11p   NNE
27  51.0  67.3   2:43p  34.7   5:53a   2.2   0.1  0.00   4.1  17.4  12:42p    SE
28  42.8  54.5   1:36p  32.7  11:06p   0.8   1.8  0.00   5.9  14.6   9:02p     E
29  38.7  52.0   2:07p  29.3   6:12a  10.5   0.7  0.00   3.0  12.6  12:00a    SE
30  40.7  53.8  12:53p  31.5   5:06a   2.2   1.6  0.00   4.0  15.3  12:00a    SE
31  41.7  57.6  12:53p  27.3   5:06a   2.2   1.6  0.00   5.0  17.3  12:00a    SE
----------------------------------------------------------------------------------
    46.1.5  60.8    6     33.8   19  363.2 142.7  0.51   4.5  15.3    14      SE

Max >=  80.0: 1
Max <=  32.0:  0
Min <=  32.0:  16
Min <=   0.0:  0
Max Rain: .12 on day 13
Days of Rain: 10 (>= 0.01 in)  2 (>= 0.10 in)  0 (>= 1.00 in)
Heat Base: 65.0  Cool Base: 65.0  Method: Integration