NOAA-Style Climate Reports

Select a Year or Month report
2018: Jan Feb Mar Apr May Jun Jul Aug Sep Oct Nov Dec
2017: Jan Feb Mar Apr May Jun Jul Aug Sep Oct Nov Dec
2016: Jan Feb Mar Apr May Jun Jul Aug Sep Oct Nov Dec
2015: Jan Feb Mar Apr May Jun Jul Aug Sep Oct Nov Dec
2014: Jan Feb Mar Apr May Jun Jul Aug Sep Oct Nov Dec
2013: Jan Feb Mar Apr May Jun Jul Aug Sep Oct Nov Dec
2012: Jan Feb Mar Apr May Jun Jul Aug Sep Oct Nov Dec
2011: Jan Feb Mar Apr May Jun Jul Aug Sep Oct Nov Dec
2010: Jan Feb Mar Apr May Jun Jul Aug Sep Oct Nov Dec

Report for 2013 September
                   Monthly Climatological Summary for Sep 2013

Name: StetsonWX.com   City: Colorado Springs   State: Colorado
Elevation: 6584 ft  Lat: N 38° 54' 02"   Lon: W 104° 42' 23"

                  Temperature (°F), Rain (in), Wind Speed (mph)

                                      Heat  Cool        Avg
    Mean                              Deg   Deg         Wind                 Dom
Day Temp  High   Time   Low    Time   Days  Days  Rain  Speed High   Time    Dir
----------------------------------------------------------------------------------
 1  64.5  75.7   1:27p  59.0   3:44a   1.3   1.4  0.29   1.7   4.6   5:27p    NE
 2  67.4  80.2   5:06p  54.1  10:56p   0.9   5.4  0.00   0.2   1.5   7:43p    NE
 3  72.7  85.3  12:25p  60.4   6:21a   1.6   7.4  0.00   0.3   4.8   7:11p   NNE
 4  75.2  85.6   3:15p  59.4   6:07a   3.4   2.1  0.23   2.7  13.7   6:56p     N
 5  73.2  87.3   1:01p  59.5   4:57a   4.0   2.1  0.00   4.0  13.2  12:25p   NNE
 6  72.6  87.6   3:51p  57.0   5:49a   1.6   4.3  0.00   4.1  13.8   3:55p   SSW
 7  73.4  86.2   1:13p  59.4   9:30a   1.6   8.9  0.00   4.2  13.9  10:54a     E
 8  71.3  85.8   3:07p  55.9   6:23a   1.7   7.3  0.00   4.4  18.5   4:08p   NNE
 9  69.2  82.2   4:48p  57.6   6:06a   1.3   1.9  0.00   7.0  10.1  11:58a    N
10  62.5  70.7   4:19p  59.0   3:24a   2.2   3.3  0.14   4.3  10.6   4:14p    N
11  61.1  67.1   1:44p  57.6  11:40p   0.9   4.7  0.20   4.2  13.8  12:49p   ENE
12  60.1  66.7   4:16p  55.6   5:27a   2.1   0.9  1.30   5.4  20.9   5:02p   SSE
13  60.1  67.1   3:57p  56.7   1:20a   4.0   0.6  0.50   7.7  16.6   2:10p    NE
14  61.1  71.1  12:40p  51.8   5:07a   3.9   0.5  0.13   3.8  18.8   5:50p    SE
15  56.8  68.0  11:41a  52.9   6:10a   2.0   0.0  0.69   6.3  11.3   1:57p     E
16  55.1  59.2   3:53p  51.3   1:46a   1.0   6.0  0.11   3.4  10.6   3:26p   WNW
17  64.0  78.3   2:50p  48.7   5:48a   2.8   0.3  0.00   3.8  21.5   5:32p     W
18  64.9  79.2   3:27p  51.1   5:16a   1.0   1.1  0.01   4.2  15.8   7:56p    NE
19  58.5  64.9   3:13p  53.4   6:29a   4.9   1.1  0.00   6.5   9.2   5:43p     N
20  56.4  67.5   1:47p  48.7   3:35a   7.0   3.6  0.00   4.5  12.2   5:26p    NE
21  61.4  78.4   1:48p  46.0   5:52a   1.7   1.9  0.00   3.2  15.4   7:15p    NE
22  60.0  75.7   1:52p  49.5   5:14a   0.7   1.9  0.19   3.2  15.2   4:20p    SE
23  53.5  66.0   1:57p  42.6   4:27a   0.6   1.2  0.24   5.9  12.6   4:19p    SE
24  54.6  69.4  12:07p  37.9   4:50a   5.4   0.0  0.00   4.9  21.4   7:59p   SSE
25  62.1  77.4   2:28p  42.1   6:06a   7.0   1.9  0.00   6.1  18.9   4:14p   ESE
26  64.8  74.5  12:18p  47.8   4:28a   3.7   1.5  0.00   5.2  20.4   3:11p   ENE
27  55.4  76.1   2:43p  40.3   5:53a   1.2   1.1  0.00   7.1  16.4  12:42p    SE
28  48.2  64.4   1:36p  31.8  11:06p   0.8   2.8  0.00   4.9  15.6   9:02p     E
29  57.9  72.7   2:07p  37.6   6:12a   2.5   3.7  0.00   5.0  14.6  12:00a    SE
30  64.2  79.3  12:53p  45.7   5:06a   2.2   3.6  0.00   5.0  14.3  12:00a    SE
----------------------------------------------------------------------------------
    62.7  75.0     6    51.0    28    89.2  86.7  4.11   4.1  13.5    24      SE

Max >=  80.0: 8
Max <=  32.0:  0
Min <=  32.0:  1
Min <=   0.0:  0
Max Rain: 1.30 on day 12
Days of Rain: 12 (>= 0.01 in)  11 (>= 0.10 in)  1 (>= 1.00 in)
Heat Base: 65.0  Cool Base: 65.0  Method: Integration