NOAA-Style Climate Reports

Select a Year or Month report
2018: Jan Feb Mar Apr May Jun Jul Aug Sep Oct Nov Dec
2017: Jan Feb Mar Apr May Jun Jul Aug Sep Oct Nov Dec
2016: Jan Feb Mar Apr May Jun Jul Aug Sep Oct Nov Dec
2015: Jan Feb Mar Apr May Jun Jul Aug Sep Oct Nov Dec
2014: Jan Feb Mar Apr May Jun Jul Aug Sep Oct Nov Dec
2013: Jan Feb Mar Apr May Jun Jul Aug Sep Oct Nov Dec
2012: Jan Feb Mar Apr May Jun Jul Aug Sep Oct Nov Dec
2011: Jan Feb Mar Apr May Jun Jul Aug Sep Oct Nov Dec
2010: Jan Feb Mar Apr May Jun Jul Aug Sep Oct Nov Dec

Report for 2013 August
                   Monthly Climatological Summary for Aug 2013

Name: StetsonWX.com   City: Colorado Springs   State: Colorado
Elevation: 6584 ft  Lat: N 38° 54' 02"   Lon: W 104° 42' 23"

                  Temperature (°F), Rain (in), Wind Speed (mph)

                                      Heat  Cool        Avg
    Mean                              Deg   Deg         Wind                 Dom
Day Temp  High   Time   Low    Time   Days  Days  Rain  Speed High   Time    Dir
----------------------------------------------------------------------------------
 1  67.7  82.4  11:35a  58.8   5:38a  11.4   1.0  0.00   3.5  20.9  11:11p    SE
 2  72.2  85.1  10:35a  62.4   7:19a  10.4   1.0  0.25   5.3  22.5   3:23p    SE
 3  66.0  81.7   9:35a  58.8   3:02a  29.4   1.0  0.25   4.9  13.3  10:30a    SW
 4  64.3  81.5  11:35a  52.3   5:30a  16.4   1.0  0.29   3.6  17.6   2:31p    NE
 5  69.2  82.0  12:35p  55.6   8:50a   3.4   1.0  0.00   6.1  17.3   7:29p    SE
 6  70.5  82.4  10:35a  58.6   7:10a   9.4   1.0  0.00   6.3  18.1   2:33p    SE
 7  61.8  66.7  11:35a  58.3   5:40a  17.4   1.0  0.08   3.4  11.2   5:57p    NE
 8  61.6  70.7   9:50a  54.3  11:30p  17.4   0.8  0.17   5.2  15.1   4:32p     W
 9  59.0  70.7  12:16p  51.1   6:11a  15.1   0.0  0.45   3.4  18.4  10:25a    NE
10  61.2  75.4   3:42p  50.9   6:50a  20.6   0.0  0.42   3.5  10.6   5:38p    SE
11  63.9  77.4   1:06p  54.1   3:50a  23.9   0.0  0.07   5.3  15.4   6:29p     E
12  60.7  76.3   1:54p  52.9   3:25a  39.9   0.1  1.09   3.0  15.3   3:10p     N
13  61.3  73.0   4:09p  49.5   6:47a  18.2   0.0  0.00   3.8  13.9   3:35p    NE
14  61.3  77.0   3:35p  49.8   5:30a  14.3   0.6  0.55   3.2  15.8   3:45p    SE
15  64.6  81.0   2:57p  50.0  11:51p  14.4   0.1  0.00   4.7  17.5   3:05p    NW
16  66.6  82.6  12:37p  53.2   4:08a  12.9   0.0  0.00   4.6   8.9   4:24p    NW
17  70.1  85.6  11:52a  59.8   6:24a  11.2   0.0  0.00   4.1  13.1  10:37a   NNW
18  71.0  86.7   1:50p  55.0   7:35a  17.3   0.0  0.00   4.1  21.2   3:28p    NE
19  70.5  85.3  12:00a  56.3   7:21a  22.7   2.0  0.00   3.5  12.4  12:11a   ENE
20  72.0  87.4  12:27p  55.9   1:56a  21.5   2.0  0.00   4.4  13.0   3:41p    NE
21  73.7  88.5   4:12p  58.5   4:34a  22.0   0.0  0.06   5.9  15.3   1:34a    NW
22  68.9  84.2   4:20p  55.0   6:10a  14.1   0.0  2.07   4.0  21.8   4:53p    NE
23  67.4  80.6  11:26a  55.2   1:44p  15.3   0.0  0.17   1.7   4.5   3:16p   WNW
24  68.9  82.4  12:27p  54.1   5:27a  16.3   2.5  0.00   0.4   2.9   2:38p    SE
25  70.4  83.5   1:05p  56.3   6:07a  12.6   1.9  0.00   0.8   4.8   4:45p    SW
26  72.8  85.3   3:48p  58.1   3:16a  11.1   0.1  0.00   1.6   2.8   8:43p    NW
27  73.5  83.8  12:52p  62.2   5:59a   7.6   2.0  0.00   1.6   1.3  12:31p    NE
28  71.5  84.4  11:36a  56.8   4:37a   6.5   1.7  0.00   0.1   2.1   3:47p    NE
29  73.9  86.9   2:29p  55.2   5:46a  10.6   0.0  0.00   0.2   2.6   5:55p     N
30  74.3  88.2   2:18p  64.8   5:34a   9.7   0.0  0.00   0.8   4.4   7:09p     N
31  68.8  84.9   2:18p  61.0   5:34a   9.7   0.0  0.12   0.5   2.4   7:09p     N
----------------------------------------------------------------------------------
    67.7  81.4    20    54.7     13  536.2  20.4  6.04   2.9  11.7    29      SE

Max >=  80.0:  23
Max <=  32.0:  0
Min <=  32.0:  0
Min <=   0.0:  0
Max Rain: 2.07 on day 22
Days of Rain: 14 (>= 0.01 in)  11 (>= 0.10 in)  2 (>= 1.00 in)
Heat Base: 65.0  Cool Base: 65.0  Method: Integration