NOAA-Style Climate Reports

Select a Year or Month report
2018: Jan Feb Mar Apr May Jun Jul Aug Sep Oct Nov Dec
2017: Jan Feb Mar Apr May Jun Jul Aug Sep Oct Nov Dec
2016: Jan Feb Mar Apr May Jun Jul Aug Sep Oct Nov Dec
2015: Jan Feb Mar Apr May Jun Jul Aug Sep Oct Nov Dec
2014: Jan Feb Mar Apr May Jun Jul Aug Sep Oct Nov Dec
2013: Jan Feb Mar Apr May Jun Jul Aug Sep Oct Nov Dec
2012: Jan Feb Mar Apr May Jun Jul Aug Sep Oct Nov Dec
2011: Jan Feb Mar Apr May Jun Jul Aug Sep Oct Nov Dec
2010: Jan Feb Mar Apr May Jun Jul Aug Sep Oct Nov Dec

Report for 2013 July
                   Monthly Climatological Summary for Jul 2013

Name: StetsonWX.com   City: Colorado Springs   State: Colorado
Elevation: 6584 ft  Lat: N 38° 54' 02"   Lon: W 104° 42' 23"

                  Temperature (°F), Rain (in), Wind Speed (mph)

                                      Heat  Cool        Avg
    Mean                              Deg   Deg         Wind                 Dom
Day Temp  High   Time   Low    Time   Days  Days  Rain  Speed High   Time    Dir
----------------------------------------------------------------------------------
 1  60.6  72.1  11:35a  50.4   5:38a  11.4   1.0  0.10   3.5  15.9  11:11p    SE
 2  63.4  77.7  10:35a  49.3   7:19a  10.4   1.0  0.02   4.3  20.5   3:23p    SE
 3  66.7  82.9   9:35a  51.3   3:02a  29.4   1.0  0.00   4.9  16.3  10:30a    SW
 4  72.0  87.4  11:35a  55.4   5:30a  16.4   1.0  0.00   6.6  28.6   2:31p    NE
 5  69.6  88.0  12:35p  57.9   8:50a   3.4   1.0  0.20   4.1  16.3   7:29p    SE
 6  70.2  85.3  10:35a  58.3   7:10a   9.4   1.0  0.10   5.3  16.1   2:33p     E
 7  66.7  84.2  11:35a  56.3   5:40a  17.4   1.0  0.06   4.4  31.2   5:57p    NE
 8  74.5  91.4   9:50a  56.8  11:30p  17.4   0.8  0.00   4.2  18.1   4:32p    SW
 9  75.6  89.2  12:16p  58.6   6:11a  15.1   0.0  0.00   4.4  15.4  10:25a    NE
10  70.1  84.9   3:42p  61.7   6:50a  20.6   0.0  0.32   5.5  16.6   5:38p    SE
11  70.7  84.2   1:06p  56.1   3:50a  23.9   0.0  0.00   5.3  15.4   6:29p    NE
12  75.8  88.0   1:54p  62.4   3:25a  39.9   0.1  0.00   5.0  21.3   3:10p     N
13  71.5  88.9   4:09p  60.8   6:47a  18.2   0.0  0.06   5.8  23.9   3:35p     E
14  67.2  83.5   3:35p  59.6   5:30a  14.3   0.6  0.60   6.2  20.8   3:45p    SE
15  66.5  82.9   2:57p  57.8  11:51p  14.4   0.1  0.01   3.7  11.5   3:05p    NW
16  62.5  73.4  12:37p  48.4   4:08a  12.9   0.0  0.00   6.6  15.9   4:24p    NW
17  67.5  79.5  11:52a  56.1   6:24a  11.2   0.0  0.00   6.1  16.1  10:37a   NNW
18  71.9  86.7   1:50p  53.4   7:35a  17.3   0.0  0.00   7.1  22.2   3:28p    NE
19  69.1  79.5  12:00a  61.0   7:21a  22.7   2.0  0.04   6.5  20.4  12:11a   ENE
20  69.3  83.5  12:27p  56.3   1:56a  21.5   2.0  0.12   4.4  20.0   3:41p    NE
21  71.9  87.8   4:12p  55.8   4:34a  22.0   0.0  0.00   3.9  15.3   1:34a    NW
22  73.2  88.3   4:20p  57.7   6:10a  14.1   0.0  0.00   4.0  30.8   4:53p    NE
23  74.5  90.1  11:26a  56.5   1:44p  15.3   0.0  0.00   6.7  17.5   3:16p   WNW
24  65.5  76.3  12:27p  59.5   5:27a  16.3   2.5  0.19   6.4  17.9   2:38p    SE
25  66.1  79.0   1:05p  53.4   6:07a  12.6   1.9  0.00   7.8  26.8   4:45p    SW
26  67.3  80.4   3:48p  52.0   3:16a  11.1   0.1  0.00   4.6  13.8   8:43p    NW
27  68.8  86.5  12:52p  53.2   5:59a   7.6   2.0  0.04   5.6  23.3  12:31p    NE
28  60.6  72.0  11:36a  54.9   4:37a   6.5   1.7  0.16   3.1  10.1   3:47p    NE
29  63.6  77.7   2:29p  57.9   5:46a  10.6   0.0  0.84   3.2  18.6   5:55p     N
30  68.0  81.1   2:18p  51.6   5:34a   9.7   0.0  0.00   4.2  12.4   7:09p     N
31  69.5  83.3   2:18p  54.9   5:34a   9.7   0.0  0.00   5.2  16.4   7:09p     N
----------------------------------------------------------------------------------
    67.5  84.7     8    49.6     16  436.2  20.4  2.87   4.7  18.5    29       E

Max >=  80.0:  22
Max <=  32.0:  0
Min <=  32.0:  0
Min <=   0.0:  0
Max Rain: .84 on day 29
Days of Rain: 15 (>= 0.01 in)  9 (>= 0.10 in)  0 (>= 1.00 in)
Heat Base: 65.0  Cool Base: 65.0  Method: Integration