NOAA-Style Climate Reports

Select a Year or Month report
2018: Jan Feb Mar Apr May Jun Jul Aug Sep Oct Nov Dec
2017: Jan Feb Mar Apr May Jun Jul Aug Sep Oct Nov Dec
2016: Jan Feb Mar Apr May Jun Jul Aug Sep Oct Nov Dec
2015: Jan Feb Mar Apr May Jun Jul Aug Sep Oct Nov Dec
2014: Jan Feb Mar Apr May Jun Jul Aug Sep Oct Nov Dec
2013: Jan Feb Mar Apr May Jun Jul Aug Sep Oct Nov Dec
2012: Jan Feb Mar Apr May Jun Jul Aug Sep Oct Nov Dec
2011: Jan Feb Mar Apr May Jun Jul Aug Sep Oct Nov Dec
2010: Jan Feb Mar Apr May Jun Jul Aug Sep Oct Nov Dec

Report for 2013 June
                   Monthly Climatological Summary for Jun 2013

Name: StetsonWX.com   City: Colorado Springs   State: Colorado
Elevation: 6584 ft  Lat: N 38° 54' 02"   Lon: W 104° 42' 23"

                  Temperature (°F), Rain (in), Wind Speed (mph)

                                      Heat  Cool        Avg
    Mean                              Deg   Deg         Wind                 Dom
Day Temp  High   Time   Low    Time   Days  Days  Rain  Speed High   Time    Dir
----------------------------------------------------------------------------------
 1  54.6  66.2  11:35a  41.5   5:38a  11.4   1.0  0.00   6.5  20.9  11:11p     E
 2  60.6  78.4  10:35a  40.1   7:19a  10.4   1.0  0.00   4.3  13.5   3:23p    SE
 3  71.2  88.2   9:35a  48.0   3:02a  29.4   1.0  0.00   6.9  21.3  10:30a    SW
 4  64.5  78.6  11:35a  52.0   5:30a  16.4   1.0  0.05   6.6  23.6   2:31p    NE
 5  50.3  55.9  12:35p  46.6   8:50a   3.4   1.0  0.00   6.1  23.3   7:29p    SE
 6  60.2  76.6  10:35a  46.8   7:10a   9.4   1.0  0.00   3.3  12.1   2:33p     E
 7  62.7  74.5  11:35a  47.3   5:40a  17.4   1.0  0.00   3.4  19.2   5:57p    NE
 8  64.2  77.2   9:50a  49.3  11:30p  27.4   0.8  0.00   7.2  21.1   4:32p    SW
 9  67.3  84.9  12:16p  44.6   6:11a  25.1   0.0  0.00   3.4  23.4  10:25a    NE
10  74.8  95.2   3:42p  53.2   6:50a  40.6   0.0  0.00   3.5  17.6   5:38p    SE
11  79.8  94.8   1:06p  57.9   3:50a  43.9   0.0  0.00   6.3  21.4   6:29p   NNE
12  73.4  87.3   1:54p  55.6   3:25a  39.9   0.1  0.00   5.0  21.3   3:10p     N
13  72.7  87.4   4:09p  56.8   6:47a  18.2   0.0  0.00   5.8  23.9   3:35p    SE
14  71.2  88.0   3:35p  56.7   5:30a  14.3   0.6  0.04   4.2  26.8   3:45p   SSE
15  66.5  83.5   2:57p  50.7  11:51p  14.4   0.1  0.00   6.7  18.5   3:05p   NNW
16  62.8  79.9  12:37p  49.5   4:08a  12.9   0.0  0.26   5.6  22.9   4:24p    NW
17  61.5  78.8  11:52a  47.8   6:24a  11.2   0.0  0.48   5.1  23.1  10:37a   NNW
18  63.2  80.6   1:50p  48.4   7:35a  17.3   0.0  0.00   5.1  17.2   3:28p    NE
19  66.8  84.6  12:00a  51.4   7:21a  22.7   0.0  0.00   5.5  20.4  12:11a     N
20  71.8  88.7  12:27p  48.9   1:56a  21.5   0.0  0.00   6.4  16.0   3:41p    NE
21  74.5  90.3   4:12p  51.4   4:34a  22.0   0.0  0.00   5.9  18.3   1:34a    NW
22  74.1  87.8   4:20p  59.4   6:10a  14.1   0.0  0.00   6.0  16.8   4:53p    NE
23  69.6  83.1  11:26a  55.6   1:44p  15.3   0.0  0.00   7.7  21.5   3:16p   WNW
24  70.7  84.4  12:27p  53.1   5:27a  16.3   0.0  0.00   6.4  17.9   2:38p    NE
25  77.2  89.2   1:05p  65.5   6:07a  12.6   0.0  0.00   5.8  14.8   4:45p    NW
26  74.1  90.7   3:48p  53.1   3:16a  11.1   0.1  0.00   4.6  13.8   8:43p    NW
27  78.3  93.0  12:52p  59.2   5:59a   7.6   2.0  0.00   6.6  17.3  12:31p    NE
28  75.1  93.2  11:36a  59.4   4:37a   6.5   1.7  0.50   4.1  17.1   3:47p    NE
29  68.3  80.8   2:29p  57.2   5:46a  10.6   0.0  0.05   4.2  22.6   5:55p     N
30  62.4  73.0   2:18p  50.4   5:34a   9.7   0.0  0.17   3.2  11.4   7:09p     N
----------------------------------------------------------------------------------
    68.1  83.2    10    52.1     2   636.2   7.4  1.55   5.0  18.4    29      NE

Max >=  80.0:  20
Max <=  32.0:  0
Min <=  32.0:  0
Min <=   0.0:  0
Max Rain: 1.13 on day 9
Days of Rain: 18 (>= 0.01 in)  13 (>= 0.10 in)  2 (>= 1.00 in)
Heat Base: 65.0  Cool Base: 65.0  Method: Integration