NOAA-Style Climate Reports

Select a Year or Month report
2018: Jan Feb Mar Apr May Jun Jul Aug Sep Oct Nov Dec
2017: Jan Feb Mar Apr May Jun Jul Aug Sep Oct Nov Dec
2016: Jan Feb Mar Apr May Jun Jul Aug Sep Oct Nov Dec
2015: Jan Feb Mar Apr May Jun Jul Aug Sep Oct Nov Dec
2014: Jan Feb Mar Apr May Jun Jul Aug Sep Oct Nov Dec
2013: Jan Feb Mar Apr May Jun Jul Aug Sep Oct Nov Dec
2012: Jan Feb Mar Apr May Jun Jul Aug Sep Oct Nov Dec
2011: Jan Feb Mar Apr May Jun Jul Aug Sep Oct Nov Dec
2010: Jan Feb Mar Apr May Jun Jul Aug Sep Oct Nov Dec

Report for 2013 May
                   Monthly Climatological Summary for May 2013

Name: StetsonWX.com   City: Colorado Springs   State: Colorado
Elevation: 6584 ft  Lat: N 38° 54' 02"   Lon: W 104° 42' 23"

                  Temperature (°F), Rain (in), Wind Speed (mph)

                                      Heat  Cool        Avg
    Mean                              Deg   Deg         Wind                 Dom
Day Temp  High   Time   Low    Time   Days  Days  Rain  Speed High   Time    Dir
----------------------------------------------------------------------------------
 1  31.5  43.3  11:35a  23.7   5:38a  11.4   1.0  0.02   9.5  18.9  11:11p     E
 2  32.0  42.8  10:35a  21.6   7:19a  10.4   1.0  0.10   4.3  12.5   3:23p    SE
 3  43.8  60.4   9:35a  22.6   3:02a   9.4   1.0  0.00   6.9  18.3  10:30a    SW
 4  46.7  62.8  11:35a  27.7   5:30a   6.4   1.0  0.00   6.6  16.6   2:31p    NE
 5  42.8  53.2  12:35p  31.6   8:50a   9.4   1.0  0.00   4.1  15.3   7:29p    SE
 6  50.0  64.8  10:35a  32.7   7:10a   9.4   1.0  0.00   4.3  15.1   2:33p     E
 7  55.6  69.8  11:35a  42.6   5:40a   7.4   1.0  0.00   7.4  18.2   5:57p    NE
 8  46.3  54.3   9:50a  41.9  11:30p   7.4   0.8  0.00   7.2  18.1   4:32p    SW
 9  44.2  54.9  12:16p  37.6   6:11a  25.1   0.0  0.17   8.4  24.4  10:25a   NNE
10  48.9  62.6   3:42p  34.2   6:50a  20.6   0.0  0.56   6.5  24.6   5:38p    SE
11  52.8  65.1   1:06p  42.1   3:50a  13.9   0.0  0.04   6.3  15.4   6:29p     E
12  58.7  74.7   1:54p  38.8   3:25a   9.9   0.1  0.00   5.0  20.3   3:10p     N
13  64.4  81.9   4:09p  45.3   6:47a  18.2   0.0  0.00   5.8  19.9   3:35p   SSE
14  64.5  84.7   3:35p  52.0   5:30a  14.3   0.6  0.00   7.2  21.8   3:45p   SSE
15  62.4  78.3   2:57p  49.6  11:51p  14.4   0.1  0.01   6.7  20.5   3:05p   NNW
16  64.1  79.5  12:37p  44.4   4:08a  12.9   0.0  0.10   4.6  17.9   4:24p    NW
17  66.9  83.3  11:52a  45.9   6:24a  11.2   0.0  0.00   4.1  21.1  10:37a   NNW
18  61.5  75.6   1:50p  47.3   7:35a  17.3   0.0  0.00   6.1  14.2   3:28p     N
19  54.3  66.4  12:00a  43.0   7:21a  22.7   0.0  0.00   4.5  15.4  12:11a     N
20  48.4  63.9  12:27p  37.8   1:56a  21.5   0.0  0.00   3.4  14.0   3:41p     N
21  52.3  67.6   4:12p  34.7   4:34a  22.0   0.0  0.10   5.9  18.3   1:34a     N
22  58.0  72.9   4:20p  36.7   6:10a  14.1   0.0  0.01   6.0  15.8   4:53p     N
23  50.7  58.1  11:26a  46.2   1:44p  15.3   0.0  0.00   6.7  17.5   3:16p   WNW
24  66.1  82.0  12:27p  50.7   5:27a  16.3   0.0  0.00   4.4  18.9   2:38p    NW
25  68.6  85.1   1:05p  45.3   6:07a  12.6   0.0  0.00   5.8  13.8   4:45p    NW
26  70.0  84.7   3:48p  53.4   3:16a  11.1   0.1  0.00   4.6  15.8   8:43p    NW
27  67.4  81.9  12:52p  49.3   5:59a   7.6   2.0  0.00   4.6  15.3  12:31p    NW
28  63.5  78.3  11:36a  43.7   4:37a   6.5   1.7  0.00   4.1  20.1   3:47p    NE
29  58.7  68.7   2:29p  49.5   5:46a  10.6   0.0  0.00   7.2  34.6   5:55p     N
30  59.4  73.2   2:18p  48.7   5:34a   9.7   0.0  0.00  11.2  30.4   7:09p     N
31  60.4  71.6  11:03a  41.5   4:47a   6.4   3.5  0.00  11.2  20.8   1:05p     N
----------------------------------------------------------------------------------
    55.3  69.2    25    40.8     2   336.2   7.4  1.11   5.7  18.4    29      NW

Max >=  80.0:  7
Max <=  32.0:  0
Min <=  32.0:  5
Min <=   0.0:  0
Max Rain: 1.13 on day 9
Days of Rain: 18 (>= 0.01 in)  13 (>= 0.10 in)  2 (>= 1.00 in)
Heat Base: 65.0  Cool Base: 65.0  Method: Integration