NOAA-Style Climate Reports

Select a Year or Month report
2018: Jan Feb Mar Apr May Jun Jul Aug Sep Oct Nov Dec
2017: Jan Feb Mar Apr May Jun Jul Aug Sep Oct Nov Dec
2016: Jan Feb Mar Apr May Jun Jul Aug Sep Oct Nov Dec
2015: Jan Feb Mar Apr May Jun Jul Aug Sep Oct Nov Dec
2014: Jan Feb Mar Apr May Jun Jul Aug Sep Oct Nov Dec
2013: Jan Feb Mar Apr May Jun Jul Aug Sep Oct Nov Dec
2012: Jan Feb Mar Apr May Jun Jul Aug Sep Oct Nov Dec
2011: Jan Feb Mar Apr May Jun Jul Aug Sep Oct Nov Dec
2010: Jan Feb Mar Apr May Jun Jul Aug Sep Oct Nov Dec

Report for 2013 March
                   Monthly Climatological Summary for Mar 2013

Name: StetsonWX.com   City: Colorado Springs   State: Colorado
Elevation: 6584 ft  Lat: N 38° 54' 02"   Lon: W 104° 42' 23"

                            TEMPERATURE ( °F), RAIN (in.), WIND SPEED (mph)

                                               HEAT     COOL           AVG
      MEAN                                     DEG      DEG            WIND                       DOM
DAY   TEMP    HIGH   TIME     LOW    TIME      DAYS     DAYS    RAIN   SPEED    HIGH    TIME      DIR
----------------------------------------------------------------------------------------------------------------------------------------------------------
01    32.8    45.7   12:01    19.9   00:00     42.6     00.0   00.06    4.8     10.9    16:00      N 
02    39.7    55.6   15:03    23.5   07:02     50.5     00.0   00.06    3.1      9.6    14:02      N 
03    49.5    60.8   13:04    34.7   00:09     26.6     00.0   00.12    8.3     24.9    12:03      N 
04    31.6    46.6   14:01    11.7   04:05     24.3     00.0   00.06    6.7     21.6    19:04      N 
05    24.0    33.3   15:00    11.3   07:00     25.4     00.0   00.01    3.8      9.3    00:10     WNW
06    37.3    57.6   12:02    19.2   05:05     17.0     00.0   00.01    4.3     11.7    23:03     ESE
07    44.9    62.1   00:18    28.8   00:00     23.9     00.0   00.00    4.9     14.9    12:04      NE
08    43.9    56.7   13:05    29.5   00:00     30.0     00.0   00.00    5.8     13.9    13:00      NE
09    30.5    35.6   12:02    23.9   02:05     18.1     00.0   00.00   15.1     34.3    17:01     ENE
10    29.4    38.3   14:03    20.8   03:00     11.6     00.0   00.00   12.1     29.3    15:03      N 
11    38.6    57.9   00:17    23.4   00:00     25.5     00.0   00.00    6.1     23.6    15:03      N 
12    29.1    31.6   14:04    24.8   05:01     34.2     00.0   00.00    4.7     10.1    17:05      N 
13    44.2    63.3   12:04    23.0   04:00     21.6     00.0   00.00    4.4     10.0    14:01      N 
14    50.4    67.6   12:01    34.0   06:04     21.9     00.0   00.00    4.2     14.8    15:01      N 
15    55.1    71.1   09:16    36.3   00:00     25.5     00.0   00.00    5.7     21.3    17:03     NNE
16    44.7    54.0   15:03    35.1   06:02     26.0     00.0   00.07    6.8     20.9    13:02     NNE
17    40.4    59.7   13:01    25.7   01:03     19.5     00.0   00.07    8.0     35.6    16:03      NE
18    37.8    50.5   02:02    22.1   22:00     34.3     00.0   00.00    8.1     26.1    09:06      N 
19    40.1    51.1   15:01    28.2   05:05     30.0     00.0   00.00    7.0     21.3    15:00      N 
20    33.2    46.6   14:05    16.5   06:01     18.4     00.0   00.00    4.6     10.3    15:01      N 
21    43.3    59.0   09:18    30.2   05:03     21.4     00.0   00.00    7.0     21.3    05:02      N 
22    34.3    46.6   00:07    25.2   20:03     39.8     00.0   00.06   11.6     28.3    08:04      N 
23    18.0    25.5   16:04    12.0   06:03     36.2     00.0   00.00   13.8     30.6    00:00     WNW
24    16.6    32.7   16:03     3.0   06:01     31.8     00.0   00.00    6.2     15.6    00:07     WNW
25    22.2    33.4   15:03     7.3   07:02     29.7     00.0   00.00    4.1     12.5    15:05     WNW
26    32.9    51.4   12:04    11.3   04:04     18.2     00.0   00.00    4.1     14.8    20:01     NNW
27    42.7    57.7   13:03    26.6   07:03     19.7     00.0   00.00    5.6     13.3    14:02      N 
28    45.5    65.7   16:02    28.4   07:03     24.2     00.0   00.00    4.9     15.7    13:04      N 
29    47.4    65.3   14:02    31.5   07:01     21.6     00.0   00.00    6.8     18.8    15:01      N 
30    49.9    68.5   14:01    34.9   06:02     14.0     00.0   00.13    8.4     27.4    22:03     ENE
31    49.3    66.7   16:00    31.1   23:00     19.4     00.0   00.00    5.5     15.0    08:04     ESE
----------------------------------------------------------------------------------------------------------------------------------------------------------
      38.1    52.2     10     23.7     02     802.8    000.0   00.65    6.2     18.5      31       N
	  
Max >=  80.0:  0
Max <=  32.0:  3
Min <=  32.0: 25
Min <=   0.0:  0
Max Rain: 0.13 on day 30
Days of Rain: 10 (>= 0.01 in)  2 (>= 0.10 in)  0 (>= 1.00 in)
Heat Base: 65.0  Cool Base: 65.0  Method: Integration