NOAA-Style Climate Reports

Select a Year or Month report
2018: Jan Feb Mar Apr May Jun Jul Aug Sep Oct Nov Dec
2017: Jan Feb Mar Apr May Jun Jul Aug Sep Oct Nov Dec
2016: Jan Feb Mar Apr May Jun Jul Aug Sep Oct Nov Dec
2015: Jan Feb Mar Apr May Jun Jul Aug Sep Oct Nov Dec
2014: Jan Feb Mar Apr May Jun Jul Aug Sep Oct Nov Dec
2013: Jan Feb Mar Apr May Jun Jul Aug Sep Oct Nov Dec
2012: Jan Feb Mar Apr May Jun Jul Aug Sep Oct Nov Dec
2011: Jan Feb Mar Apr May Jun Jul Aug Sep Oct Nov Dec
2010: Jan Feb Mar Apr May Jun Jul Aug Sep Oct Nov Dec

Report for 2013 January
                   Monthly Climatological Summary for Jan 2013

Name: StetsonWX.com   City: Colorado Springs   State: Colorado
Elevation: 6584 ft  Lat: N 38° 54' 02"   Lon: W 104° 42' 23"

                  Temperature (°F), Rain (in), Wind Speed (mph)

                                      Heat  Cool        Avg
    Mean                              Deg   Deg         Wind                 Dom
Day Temp  High   Time   Low    Time   Days  Days  Rain  Speed High   Time    Dir
----------------------------------------------------------------------------------
 1  18.2  31.1  11:35a   6.6   5:38a  11.4   1.0  0.00   3.5   9.9  11:11p     E
 2  18.5  39.4  10:35a   6.4   7:19a  10.4   1.0  0.02   4.3  15.5   3:23p    SE
 3  16.4  35.1   9:35a   3.2   3:02a   9.4   1.0  0.00   4.9  13.3  10:30a    SW
 4  25.7  46.4  11:35a   9.1   5:30a   6.4   1.0  0.00   4.6  12.6   2:31p    NE
 5  28.7  40.5  12:35p  13.1   8:50a   9.4   1.0  0.01   7.1  18.3   7:29p    SE
 6  26.9  44.8  10:35a   9.9   7:10a   9.4   1.0  0.00   4.3   8.1   2:33p     E
 7  35.6  50.4  11:35a  19.9   5:40a   7.4   1.0  0.00   4.4  10.2   5:57p    NE
 8  38.5  55.4   9:50a  19.4  11:30p   7.4   0.8  0.00   5.2  15.1   4:32p    SW
 9  29.5  46.6  12:16p  16.2   6:11a  25.1   0.0  0.01   4.4  12.4  10:25a   NNE
10  30.4  43.0   3:42p  14.7   6:50a  20.6   0.0  0.01   3.5  10.6   5:38p    SE
11  27.8  39.4   1:06p  15.6   3:50a  13.9   0.0  0.00  10.3  38.4   6:29p     E
12  12.8  24.1   1:54p   4.8   3:25a   9.9   0.1  0.01   5.0  14.3   3:10p     N
13   8.1  15.3   4:09p   2.3   6:47a  18.2   0.0  0.00   4.8   8.9   3:35p   SSE
14   8.4  15.3   3:35p  -2.6   5:30a  14.3   0.6  0.00   4.2   8.8   3:45p   SSE
15  15.4  28.8  11:16a  -4.7  11:50p  13.2   0.4  0.00   4.5  16.3   1:11p     W
16  33.7  49.3   3:18p  18.3  10:24p  31.3   0.0  0.00   5.3  13.7   4:31a    NW
17  28.3  45.0   4:25p  16.0   3:58a  25.1   0.0  0.00   3.0   8.2   7:39p   ESE
18  36.8  57.4  11:49a  18.3   6:55a  24.6   0.0  0.00   4.0  11.5   6:51p   NNW
19  37.7  55.2   3:07p  24.8   8:33a  25.5   0.0  0.00   4.5  12.3   4:41a   NNW
20  35.8  51.1   2:58p  20.1   2:11a  22.5   0.0  0.00   7.0  20.4   1:19p    SE
21  30.5  48.4  10:36a  13.1   5:17a  16.7   0.0  0.00   3.2   8.6   7:09p   ESE
22  40.0  62.2  12:34p  22.5   4:07a  17.2   0.0  0.00   6.0  20.4  10:53p     S
23  43.8  66.7  12:30p  23.0   5:10a  11.9   0.9  0.00   3.1   9.4   1:58p     S
24  47.0  64.8  10:59a  30.7   4:59a  15.5   0.0  0.00   6.1  21.0   2:33p    NW
25  36.3  46.2   2:44p  25.9   6:20a  12.1   0.4  0.00   4.9  13.8   9:57p   SSE
26  40.2  53.6  12:00a  26.8   11:25p 21.2   0.0  0.00   3.4   7.9   1:09p   SSE
27  42.4  59.5   3:31p  29.3   7:55a  24.6   0.0  0.00   4.6  16.0   5:18p   NNW
28  37.6  56.5   3:26p  24.6   6:09a  17.6   0.0  0.00   7.9  24.4   3:34p   ESE
29  21.9  27.9  12:00a  15.3   11:25p 21.2   0.0  0.00   8.4  18.9   1:09p   SSE
30  20.6  35.4   3:31p   0.1   7:55a  24.6   0.0  0.00   4.6  14.0   5:18p   NNW
31  33.0  44.6   3:26p  19.9   6:09a  17.6   0.0  0.00   5.9  21.4   3:34p   ESE
----------------------------------------------------------------------------------
    29.2  44.5    30    14.9     4   518.6  15.2  0.04   4.7  14.2    30     SSE

Max >=  80.0:  0
Max <=  32.0:  6
Min <=  32.0:  31
Min <=   0.0:  2
Max Rain: 0.02 on day 2
Days of Rain: 6 (>= 0.01 in)  0 (>= 0.10 in)  0 (>= 1.00 in)
Heat Base: 65.0  Cool Base: 65.0  Method: Integration