NOAA-Style Climate Reports

Select a Year or Month report
2018: Jan Feb Mar Apr May Jun Jul Aug Sep Oct Nov Dec
2017: Jan Feb Mar Apr May Jun Jul Aug Sep Oct Nov Dec
2016: Jan Feb Mar Apr May Jun Jul Aug Sep Oct Nov Dec
2015: Jan Feb Mar Apr May Jun Jul Aug Sep Oct Nov Dec
2014: Jan Feb Mar Apr May Jun Jul Aug Sep Oct Nov Dec
2013: Jan Feb Mar Apr May Jun Jul Aug Sep Oct Nov Dec
2012: Jan Feb Mar Apr May Jun Jul Aug Sep Oct Nov Dec
2011: Jan Feb Mar Apr May Jun Jul Aug Sep Oct Nov Dec
2010: Jan Feb Mar Apr May Jun Jul Aug Sep Oct Nov Dec

Report for 2012 January
                   Monthly Climatological Summary for Jan 2012

Name: StetsonWX.com   City: Colorado Springs   State: Colorado
Elevation: 6584 ft  Lat: N 38° 54' 02"   Lon: W 104° 42' 23"

                  Temperature (°F), Rain (in), Wind Speed (mph)

                                      Heat  Cool        Avg
    Mean                              Deg   Deg         Wind                 Dom
Day Temp  High   Time   Low    Time   Days  Days  Rain  Speed High   Time    Dir
----------------------------------------------------------------------------------
1   24.3  38.3   13:01  15.8   00:00  34.8  00.0  0.09   3.2   9.6  15:00     NE
2   29.8  47.1   12:02  15.1   07:05  36.5  00.0  0.00   3.8   8.2  13:03     N 
3   43.7  59.9   12:01  28.4   07:04  19.8  00.0  0.00   6.4  23.0  20:04     NW
4   38.3  55.9   01:00  20.3   00:00  42.9  00.0  0.00   3.4   8.9  16:01     SE
5   44.6  66.2   08:04  30.6   03:02  58.0  00.0  0.10   4.8  10.9  12:04     E 
6   39.4  52.5   23:04  26.6   06:02  52.8  00.0  0.09   5.4  14.3  23:01    ENE
7   30.0  44.2   12:04  20.7   03:02  30.2  00.0  0.00   8.2  20.2  23:04    ENE
8   26.0  37.9   11:03  18.0   08:00  34.0  00.0  0.00   4.2  18.5  00:11    NNE
9   31.3  48.0   13:00  17.2   03:02  31.9  00.0  0.00   4.2  14.3  19:00    NNE
10  38.2  54.1   12:05  23.5   00:00  34.2  00.0  0.00   4.8  20.8  12:03     N 
11  21.6  43.5   13:05   6.4   01:01  27.6  00.0  0.00  11.2  29.7  04:03     NE
12  24.6  41.0   06:04   3.0   00:00  28.8  00.0  0.06   6.7  21.6  15:05     E 
13  32.4  48.7   15:05  12.0   00:17  34.2  00.0  0.00   7.8  21.0  12:04     NW
14  35.4  67.6   15:05  20.8   00:00  37.1  00.0  0.00   4.9  12.7  13:01     N 
15  45.7  55.9   16:04  27.5   01:00  37.4  00.0  0.00   8.7  24.7  17:00    NNW
16  36.2  52.7   10:02  18.7   00:00  30.8  00.0  0.00   7.9  22.7  16:02     W 
17  17.4  24.6   12:02   7.5   07:01  34.7  00.0  0.00   5.9  15.9  13:02     NE
18  39.1  48.9   13:04  20.7   07:05  30.0  00.0  0.00  12.7  31.8  11:03    NNE
19  53.7  62.8   13:03  44.4   00:17  23.2  00.0  0.00  20.4  43.8  12:01     N 
20  46.6  59.5   13:05  28.6   23:05  28.8  00.0  0.00  11.5  31.6  11:02     SE
21  41.6  60.8   13:02  25.2   05:03  27.2  00.0  0.00   6.5  25.1  13:05    ESE
22  37.4  45.5   12:05  21.6   06:01  36.8  00.0  0.00  12.0  42.1  20:03     SE
23  31.5  49.6   00:07  18.5   20:02  51.8  00.0  0.00   4.5  10.1  00:09    ESE
24  30.6  38.3   13:01  21.4   01:00  32.9  00.0  0.00   8.6  25.1  04:02     E 
25  36.8  59.0   11:05  15.3   07:03  23.7  00.0  0.00   4.3  17.3  13:01     N 
26  37.7  48.0   13:00  25.0   23:00  26.5  00.0  0.00   5.8  15.9  17:04    ENE
27  29.8  38.8   00:07  15.4   00:00  50.5  00.0  0.00   9.6  28.3  10:04     SE
28  25.2  39.0   14:02  10.9   07:04  53.7  00.0  0.00   4.4  10.8  22:01     SE
29  37.8  52.7   00:00  21.4   00:16  33.2  00.0  0.00   5.5  16.0  19:04    SSE
30  46.7  59.0   02:04  28.6   00:00  25.4  00.0  0.00   5.7  21.1  01:05     SE
31  36.5  48.6   00:07  24.6   06:03  43.8  00.0  0.00   5.6  13.2  00:15     NW
----------------------------------------------------------------------------------------------------------------------------------------------------------
    35.2  50.0    28    20.4    10  1093.3  00.0  0.25   3.2  43.8    30      NE

Max >=  80.0:  0
Max <=  32.0:  0
Min <=  32.0: 30
Min <=   0.0:  0
Max Rain: 0.10 on day 5
Days of Rain: 3 (>= 0.01 in)  1 (>= 0.10 in)  0 (>= 1.00 in)
Heat Base: 65.0  Cool Base: 65.0  Method: Integration