NOAA-Style Climate Reports

Select a Year or Month report
2018: Jan Feb Mar Apr May Jun Jul Aug Sep Oct Nov Dec
2017: Jan Feb Mar Apr May Jun Jul Aug Sep Oct Nov Dec
2016: Jan Feb Mar Apr May Jun Jul Aug Sep Oct Nov Dec
2015: Jan Feb Mar Apr May Jun Jul Aug Sep Oct Nov Dec
2014: Jan Feb Mar Apr May Jun Jul Aug Sep Oct Nov Dec
2013: Jan Feb Mar Apr May Jun Jul Aug Sep Oct Nov Dec
2012: Jan Feb Mar Apr May Jun Jul Aug Sep Oct Nov Dec
2011: Jan Feb Mar Apr May Jun Jul Aug Sep Oct Nov Dec
2010: Jan Feb Mar Apr May Jun Jul Aug Sep Oct Nov Dec

Report for 2011 June
                   Monthly Climatological Summary for Jun 2010

Name: StetsonWX.com   City: Colorado Springs   State: Colorado
Elevation: 6584 ft  Lat: N 38° 54' 02"   Lon: W 104° 42' 23"

                  Temperature (°F), Rain (in), Wind Speed (mph)

                                      Heat  Cool        Avg
    Mean                              Deg   Deg         Wind                 Dom
Day Temp  High   Time   Low    Time   Days  Days  Rain  Speed High   Time    Dir
----------------------------------------------------------------------------------
 1  66.5  84.9   1:53p  49.8   5:26a  1.2   0.0  0.00   3.2  13.3  12:29a   NNW
 2  68.1  84.2  12:44p  50.4   3:54a  4.2   0.0  0.00   3.1  13.2   1:34p    SE
 3  64.6  82.9   1:16p  45.0  11:52p  0.7   0.0  0.00   4.8  17.0   9:44a   ESE
 4  66.2  81.3  12:21p  51.8   1:27a  7.0   0.0  0.00   3.0  11.7  11:56p   ESE
 5  70.5  88.3   9:44a  51.8  11:59p  8.9   0.0  0.00   2.4  16.9   1:52p   NNW
 6  71.7  88.9  10:48p  51.3   4:42a  3.8   0.0  0.00   2.9  13.1  11:54p   ENE
 7  69.9  85.8   1:28p  52.2   7:06a  10.7  0.0  0.00   4.0  16.7  12:37a    NW
 8  67.4  78.4   2:16p  54.5  11:15p  1.7   0.0  0.00   4.8  18.6   7:52a    NW
 9  62.9  78.3   1:06p  52.7   5:17a  1.7   0.0  0.00   5.2  16.6   9:06p   NNE
10  61.2  71.6   2:17p  51.3   5:58p  4.4   0.0  0.00   6.8  22.2   7:28a    NW
11  64.0  79.7  12:38p  52.3  11:56p  2.4   0.0  0.00   5.0  20.2   1:14p   ENE
12  65.1  82.8   9:28a  46.9   4:45a  15.9  0.0  0.00   5.6  18.1   9:58p   NNW
13  71.8  84.4   3:31p  58.1   4:02a  14.0  0.0  0.00   7.9  20.3  12:27a   NNW
14  67.8  81.1  12:52p  54.9   6:03a  15.0  0.0  0.00   5.5  28.9   2:01p    SE
15  68.9  88.3  12:00a  47.8  11:53p  5.3   0.0  0.00   5.7  20.6  12:44p   NNW
16  72.2  87.1  11:31a  57.0   1:26a  2.8   0.0  0.00   8.8  23.1  10:15a     E
17  60.2  70.7  10:07a  49.5   7:35a  5.7   0.0  0.06   5.3  23.2  10:49a    NE
18  63.8  78.3  12:43p  49.3   2:16a  7.1   0.0  0.01   4.9  23.6   2:16a   ESE
19  63.4  81.7  10:11a  51.8   2:17a  5.4   0.0  0.00   8.5  26.8   8:21p   ESE
20  53.9  61.9  11:59a  46.0   9:50p  7.7   0.0  0.39   13.2 16.9   3:47p     N
21  62.4  75.7   1:16p  47.8  12:22a  5.2   0.0  0.00   5.6  10.1   5:37a   NNW
22  66.3  81.9   1:32p  46.8  11:55p  3.4   0.0  0.00   3.3  14.6   1:40p     N
23  69.2  85.5   1:34p  51.1  11:58p  3.1   0.0  0.00   3.3  14.8   8:24p    NW
24  71.7  86.0   2:26p  51.4   7:23a  4.3   0.0  0.00   4.2  18.3   3:16a   WNW
25  70.8  83.8   2:56p  56.5   5:51a  8.0   0.0  0.00   6.1  32.0  10:58p   NNW
26  74.8  92.1   1:52p  55.0   7:32a  5.5   0.0  0.00   6.1  21.1  10:20a   NNW
27  66.1  76.1  10:16a  54.0   7:59a  2.1   0.0  0.00   8.7  22.6  12:22a     S
28  68.5  86.2  12:50p  50.5   5:16a  17.9  0.0  0.00   4.3  21.0   4:30p   SSE
29  74.3  91.8  12:47p  55.0   6:19a  2.2   0.0  0.00   4.0  21.7   9:29a   ESE
30  73.1  85.3   1:12p  60.3   5:17a  1.8   0.0  0.02   6.6  15.6  10:34a    SE
----------------------------------------------------------------------------------
    67.2  82.2     26    51.8    16   181.7  0.0  0.48  5.1  18.4     25     NE

Max >=  80.0:  22
Max <=  32.0:  0
Min <=  32.0: 0
Min <=   0.0:  0
Max Rain: 0.39 on day 20
Days of Rain: 4 (>= 0.01 in)  1 (>= 0.10 in)  0 (>= 1.00 in)
Heat Base: 65.0  Cool Base: 65.0  Method: Integration