NOAA-Style Climate Reports

Select a Year or Month report
2018: Jan Feb Mar Apr May Jun Jul Aug Sep Oct Nov Dec
2017: Jan Feb Mar Apr May Jun Jul Aug Sep Oct Nov Dec
2016: Jan Feb Mar Apr May Jun Jul Aug Sep Oct Nov Dec
2015: Jan Feb Mar Apr May Jun Jul Aug Sep Oct Nov Dec
2014: Jan Feb Mar Apr May Jun Jul Aug Sep Oct Nov Dec
2013: Jan Feb Mar Apr May Jun Jul Aug Sep Oct Nov Dec
2012: Jan Feb Mar Apr May Jun Jul Aug Sep Oct Nov Dec
2011: Jan Feb Mar Apr May Jun Jul Aug Sep Oct Nov Dec
2010: Jan Feb Mar Apr May Jun Jul Aug Sep Oct Nov Dec

Report for 2011 May
                   Monthly Climatological Summary for May 2011

Name: StetsonWX.com   City: Colorado Springs   State: Colorado
Elevation: 6584 ft  Lat: N 38° 54' 02"   Lon: W 104° 42' 23"

                  Temperature (°F), Rain (in), Wind Speed (mph)

                                      Heat  Cool        Avg
    Mean                              Deg   Deg         Wind                 Dom
Day Temp  High   Time   Low    Time   Days  Days  Rain  Speed High   Time    Dir
----------------------------------------------------------------------------------
 1  35.1  43.0  12:47p  26.2   2:23a  11.7   1.5  0.00   4.5  20.5  11:45a     N
 2  36.5  48.9   3:25p  25.7  10:41p   0.0   0.0  0.00   4.4  13.1   6:57p     N
 3  48.6  65.3   2:58p  24.4   6:38a   0.2   0.0  0.00   4.5  18.6   3:47p    SE
 4  51.6  71.6   4:44p  37.4   6:39a   7.6   0.0  0.00   9.5  27.2   4:20p    SE
 5  48.6  63.3   4:09p  29.3   6:53a   7.0   1.5  0.00   6.4  21.1   4:14p   SSE
 6  58.8  78.1   2:15p  36.1   6:54a   5.4   2.2  0.00   5.4  20.6   4:27p     E
 7  62.8  81.3  12:35p  38.7   6:20a  13.4   1.0  0.00   5.9  17.8   1:35p    SE
 8  66.2  80.8  12:50p  46.2  11:30p  12.6   0.8  0.00   4.2  13.0   4:32p    SW
 9  64.5  75.2   1:16p  54.9   6:11a   8.6   0.0  0.00   6.4  21.4  10:25a    NE
10  60.0  70.3   2:42p  48.0   6:50a   5.9   0.0  0.00   7.5  23.6   5:38p     E
11  40.3  54.7   1:06p  35.4   3:50a   3.6   0.9  0.05  12.3  26.4   6:29p     E
12  41.5  49.6  12:54p  35.1   3:25a   0.7   0.3  0.01  10.0  20.3   3:10p     N
13  50.1  63.9   3:09p  32.0   6:47a   0.6   0.0  0.00   7.8  20.9   3:35p    NE
14  43.5  53.1   4:35p  35.1   5:30a   5.6   0.6  0.02   4.2  24.8   3:45p    SE
15  40.3  45.9  11:16a  34.9  11:50p   8.8   0.4  0.02   5.5  25.3   1:11p    SW
16  48.6  65.5   4:18p  33.1  10:24p   4.4   0.0  0.00   6.3  28.7   4:31a    NW
17  53.1  71.4   5:25p  40.5   3:58a   7.4   0.0  0.00   6.0  21.2   7:39p   SE
18  47.7  56.7  12:49p  41.4   6:55a   3.6   0.0  0.06   6.0  18.5   6:51p    NW
19  45.9  58.8   3:07p  40.1   8:33a   6.5   0.0  0.24   5.5  22.3   4:41a    NW
20  46.3  59.5   2:58p  34.9   2:11a   7.3   0.0  0.05   4.0  15.4   1:19p    SE
21  55.3  69.4  11:36a  37.2   5:17a   9.8   0.0  0.00   5.2  17.6   7:09p   ESE
22  59.1  74.5  12:34p  47.7   4:07a   1.9   0.0  0.02   4.0  16.4  10:53p     S
23  59.2  73.2  12:30p  44.4   5:10a   8.0   0.9  0.00   5.1  15.4   1:58p     S
24  48.2  52.2  11:59a  44.2   4:59a  15.4   0.0  0.11   6.1  20.0   2:33p    SW
25  53.1  65.7  12:44p  44.1   6:20a   5.7   0.4  0.00   6.9  17.8   9:57p    SE
26  56.2  70.7  12:00a  42.6  11:25p   4.2   0.0  0.00   4.4  13.9   1:09p    SE
27  59.5  70.5   4:31p  46.2   7:55a   3.6   0.0  0.00   7.6  18.0   5:18p    NW
28  57.6  69.1   3:26p  45.3   6:09a   7.2   0.0  0.00   6.9  18.4   3:34p     S
29  65.9  81.9  12:57p  51.8   3:58a  12.4   1.4  0.00   6.8  20.8   1:53p   SSE
30  64.0  74.3  12:30p  49.1   5:09a   6.5   3.3  0.01   6.5  21.7   7:18a   NNE
31  60.7  76.5  12:30p  45.5   5:09a   7.5   3.3  0.00   8.5  17.7   7:18a    E ----------------------------------------------------------------------------------
    52.5  65.6    29    39.6    3    604.6  14.3  0.58   5.7  18.5    16      NNE

Max >=  80.0:  3
Max <=  32.0:  0
Min <=  32.0:  5
Min <=   0.0:  0
Max Rain: 0.24 on day 19
Days of Rain: 9 (>= 0.01 in)  2 (>= 0.10 in)  0 (>= 1.00 in)
Heat Base: 65.0  Cool Base: 65.0  Method: Integration