NOAA-Style Climate Reports

Select a Year or Month report
2018: Jan Feb Mar Apr May Jun Jul Aug Sep Oct Nov Dec
2017: Jan Feb Mar Apr May Jun Jul Aug Sep Oct Nov Dec
2016: Jan Feb Mar Apr May Jun Jul Aug Sep Oct Nov Dec
2015: Jan Feb Mar Apr May Jun Jul Aug Sep Oct Nov Dec
2014: Jan Feb Mar Apr May Jun Jul Aug Sep Oct Nov Dec
2013: Jan Feb Mar Apr May Jun Jul Aug Sep Oct Nov Dec
2012: Jan Feb Mar Apr May Jun Jul Aug Sep Oct Nov Dec
2011: Jan Feb Mar Apr May Jun Jul Aug Sep Oct Nov Dec
2010: Jan Feb Mar Apr May Jun Jul Aug Sep Oct Nov Dec

Report for 2011 April
                   Monthly Climatological Summary for Apr 2011

Name: StetsonWX.com   City: Colorado Springs   State: Colorado
Elevation: 6584 ft  Lat: N 38° 54' 02"   Lon: W 104° 42' 23"

                  Temperature (°F), Rain (in), Wind Speed (mph)

                                      Heat  Cool        Avg
    Mean                              Deg   Deg         Wind                 Dom
Day Temp  High   Time   Low    Time   Days  Days  Rain  Speed High   Time    Dir
----------------------------------------------------------------------------------
 1  53.0  66.4  12:47p  39.6   2:23a  11.7   1.5  0.00   6.5  18.5  11:45a     N
 2  59.5  78.1   3:25p  34.0  10:41p   0.0   0.0  0.00   6.4  18.1   6:57p     N
 3  49.2  67.5   2:58p  26.1   6:38a   0.2   0.0  0.00  12.5  34.6   3:47p    SE
 4  34.6  48.4   4:44p  19.9   6:39a   7.6   0.0  0.00   6.5  18.2   4:20p    SE
 5  53.9  73.8   4:09p  28.2   6:53a   7.0   1.5  0.00   5.4  21.1   4:14p   SSE
 6  50.1  57.7   2:15p  38.5   6:54a   5.4   2.2  0.11   8.4  22.6   4:27p     E
 7  48.6  61.9  12:35p  36.9   6:20a   3.4   1.0  0.08   4.9  16.8   1:35p    SE
 8  57.5  69.4  12:50p  46.0  11:30p   8.6   0.8  0.00   8.2  21.0   4:32p    SW
 9  53.0  68.7   1:16p  35.1   6:11a   8.6   0.0  0.00   6.4  20.4  10:25a    NE
10  42.5  53.1   2:42p  31.5   6:50a   5.9   0.0  0.00   9.5  21.6   5:38p     E
11  42.8  58.6   1:06p  24.6   3:50a   3.6   0.9  0.00   6.3  21.4   6:29p     E
12  51.3  71.4  12:54p  30.4   3:25a   0.7   0.3  0.00   6.0  18.3   3:10p     N
13  46.7  57.0   3:09p  37.2   6:47a   0.6   0.0  0.48   6.8  18.9   3:35p    NE
14  40.8  51.4   4:35p  32.4   5:30a   5.6   0.6  0.04  11.2  30.8   3:45p    SE
15  41.3  54.0  11:16a  29.8  11:50p   8.8   0.4  0.00  11.5  25.3   1:11p    SW
16  47.2  64.9   4:18p  27.9  10:24p   4.4   0.0  0.00   5.3  21.7   4:31a    NW
17  55.8  75.9   5:25p  34.3   3:58a   7.4   0.0  0.00   7.0  21.2   7:39p    SE
18  57.8  75.4  12:49p  39.9   6:55a   3.6   0.0  0.00   7.0  21.5   6:51p    NW
19  46.7  61.9   3:07p  36.3   8:33a   6.5   0.0  0.04   6.5  21.3   4:41a    NW
20  41.7  46.4  2:58p   38.1   2:11a   7.3   0.0  0.08   7.0  18.4   1:19p    SE
21  51.1  71.1  11:36a  27.3   5:17a   9.8   0.0  0.00   6.2  25.6   7:09p   ESE
22  52.5  63.7  12:34p  41.9   4:07a   1.9   0.0  0.00  10.0  21.4  10:53p     S
23  38.2  48.4  12:30p  32.4   5:10a   8.0   0.9  0.00   6.1  20.4   1:58p     S
24  36.8  47.1  11:59a  29.7   4:59a  15.4   0.0  0.37   2.1  10.0   2:33p    SW
25  43.5  53.4  12:44p  35.2   6:20a   5.7   0.4  0.06   6.9  18.8   9:57p    SE
26  38.6  53.4  12:00a  30.9  11:25p   4.2   0.0  0.05   6.4  26.9   1:09p    SE
27  39.5  47.7   4:31p  30.9   7:55a   3.6   0.0  0.06   6.6  14.0   5:18p    NW
28  48.8  64.6   3:26p  25.9   6:09a   7.2   0.0  0.00   6.9  25.4   3:34p     S
29  53.3  72.5  12:57p  31.1   3:58a   2.4   1.4  0.00   9.8  27.8   1:53p   SSE
30  37.6  46.9  12:30p  27.7   5:09a   3.5   3.3  0.00   8.5  21.7   7:18a   NNE
----------------------------------------------------------------------------------
    47.1  61.0    28    32.7    10   531.6  15.3  1.37   7.0  21.6    30      NE

Max >=  80.0:  0
Max <=  32.0:  0
Min <=  32.0: 15
Min <=   0.0:  0
Max Rain: 0.48 on day 13
Days of Rain: 10 (>= 0.01 in)  3 (>= 0.10 in)  0 (>= 1.00 in)
Heat Base: 65.0  Cool Base: 65.0  Method: Integration