NOAA-Style Climate Reports

Select a Year or Month report
2018: Jan Feb Mar Apr May Jun Jul Aug Sep Oct Nov Dec
2017: Jan Feb Mar Apr May Jun Jul Aug Sep Oct Nov Dec
2016: Jan Feb Mar Apr May Jun Jul Aug Sep Oct Nov Dec
2015: Jan Feb Mar Apr May Jun Jul Aug Sep Oct Nov Dec
2014: Jan Feb Mar Apr May Jun Jul Aug Sep Oct Nov Dec
2013: Jan Feb Mar Apr May Jun Jul Aug Sep Oct Nov Dec
2012: Jan Feb Mar Apr May Jun Jul Aug Sep Oct Nov Dec
2011: Jan Feb Mar Apr May Jun Jul Aug Sep Oct Nov Dec
2010: Jan Feb Mar Apr May Jun Jul Aug Sep Oct Nov Dec

Report for 2011 January
                   Monthly Climatological Summary for Jan 2011

Name: StetsonWX.com   City: Colorado Springs   State: Colorado
Elevation: 6584 ft  Lat: N 38° 54' 02"   Lon: W 104° 42' 23"

                  Temperature (°F), Rain (in), Wind Speed (mph)

                                      Heat  Cool        Avg
    Mean                              Deg   Deg         Wind                 Dom
Day Temp  High   Time   Low    Time   Days  Days  Rain  Speed High   Time    Dir
----------------------------------------------------------------------------------
1    7.4  21.4   13:01  -3.5   00:00  34.8  00.0  0.00   4.2  12.6  15:00     NE
2   24.5  47.5   12:02  -2.0   07:05  36.5  00.0  0.00   4.8  13.2  13:03     N 
3   24.5  43.9   12:01  13.6   07:04  19.8  00.0  0.00   5.4  16.0  20:04     NW
4   23.1  41.4   01:00   7.0   00:00  42.9  00.0  0.00   3.4  09.9  16:01     SE
5   30.0  47.3   08:04  16.9   03:02  58.0  00.0  0.00   4.8  14.9  12:04     E 
6   35.1  53.8   23:04  17.1   06:02  52.8  00.0  0.00   3.4  08.3  23:01    ENE
7   36.5  50.2   12:04  27.5   03:02  30.2  00.0  0.00   4.2  09.2  23:04    ENE
8   37.0  55.9   11:03  19.2   08:00  34.0  00.0  0.00   3.2  10.5  00:11    NNE
9   25.0  33.8   13:00   9.7   03:02  31.9  00.0  0.00   5.2  15.3  19:00    NNE
10   8.0  19.6   12:05  -4.4   00:00  34.2  00.0  0.00   5.8  25.8  12:03     N 
11  11.8  24.4   13:05  -0.8   01:01  27.6  00.0  0.00   4.2  10.7  04:03     NE
12  20.7  50.4   06:04   7.0   00:00  28.8  00.0  0.00   3.7  10.6  15:05     E 
13  35.8  50.5   15:05  22.1   00:17  34.2  00.0  0.00   4.8  10.0  12:04     NW
14  37.2  51.6   15:05  25.0   00:00  37.1  00.0  0.00   5.9  15.7  13:01     N 
15  34.0  49.5   16:04  24.1   01:00  37.4  00.0  0.00   3.7  10.7  17:00    NNW
16  34.2  45.3   10:02  19.8   00:00  30.8  00.0  0.00   4.9  10.7  16:02     W 
17  46.4  54.3   12:02  36.9   07:01  34.7  00.0  0.00   8.9  21.9  13:02     NE
18  35.4  51.4   13:04  20.5   07:05  30.0  00.0  0.00   4.7  13.8  11:03    NNE
19  27.5  45.3   13:03  16.0   00:17  23.2  00.0  0.00   7.4  26.8  12:01     N 
20  19.6  39.6   13:05   7.5   23:05  28.8  00.0  0.00   4.5  15.6  11:02     SE
21  34.0  41.9   13:02  17.8   05:03  27.2  00.0  0.00   7.5  24.1  13:05    ESE
22  34.6  49.3   12:05  16.0   06:01  36.8  00.0  0.19  10.0  30.1  20:03     SE
23  26.8  41.5   00:07  10.9   20:02  51.8  00.0  0.00   4.5  20.1  00:09    ESE
24  25.1  33.1   13:01  11.5   01:00  32.9  00.0  0.00   7.6  22.1  04:02     E 
25  28.8  46.2   11:05  10.6   07:03  23.7  00.0  0.00   5.3  10.3  13:01     N 
26  31.2  43.0   13:00  19.8   23:00  26.5  00.0  0.00   5.8  15.9  17:04    ENE
27  37.2  54.9   00:07  23.9   00:00  50.5  00.0  0.00   4.6  09.3  10:04     SE
28  49.6  64.8   14:02  25.2   07:04  53.7  00.0  0.00   5.4  14.8  22:01     SE
29  41.3  62.4   00:00  25.2   00:16  33.2  00.0  0.00   6.5  22.0  19:04    SSE
30  31.4  43.5   02:04  19.9   00:00  25.4  00.0  0.00   3.7  12.1  01:05     SE
31  20.9  27.9   00:07   8.1   06:03  43.8  00.0  0.00   7.6  20.2  00:15     NW
----------------------------------------------------------------------------------------------------------------------------------------------------------
    29.2  64.8    28    -4.4    10  1093.3  00.0  0.19   1.8  31.1    30      NE

Max >=  80.0:  0
Max <=  32.0:  3
Min <=  32.0: 30
Min <=   0.0:  4
Max Rain: 0.19 on day 22
Days of Rain: 1 (>= 0.01 in)  1 (>= 0.10 in)  0 (>= 1.00 in)
Heat Base: 65.0  Cool Base: 65.0  Method: Integration