NOAA-Style Climate Reports

Select a Year or Month report
2018: Jan Feb Mar Apr May Jun Jul Aug Sep Oct Nov Dec
2017: Jan Feb Mar Apr May Jun Jul Aug Sep Oct Nov Dec
2016: Jan Feb Mar Apr May Jun Jul Aug Sep Oct Nov Dec
2015: Jan Feb Mar Apr May Jun Jul Aug Sep Oct Nov Dec
2014: Jan Feb Mar Apr May Jun Jul Aug Sep Oct Nov Dec
2013: Jan Feb Mar Apr May Jun Jul Aug Sep Oct Nov Dec
2012: Jan Feb Mar Apr May Jun Jul Aug Sep Oct Nov Dec
2011: Jan Feb Mar Apr May Jun Jul Aug Sep Oct Nov Dec
2010: Jan Feb Mar Apr May Jun Jul Aug Sep Oct Nov Dec

Report for 2010 December
                   Monthly Climatological Summary for Dec 2010

Name: StetsonWX.com   City: Colorado Springs   State: Colorado
Elevation: 6584 ft  Lat: N 38° 54' 02"   Lon: W 104° 42' 23"

                  Temperature (°F), Rain (in), Wind Speed (mph)

                                      Heat  Cool        Avg
    Mean                              Deg   Deg         Wind                 Dom
Day Temp  High   Time   Low    Time   Days  Days  Rain  Speed High   Time    Dir
----------------------------------------------------------------------------------
 1  36.5  58.5   1:53p  20.7   5:26a  25.2   0.0  0.00   4.2  16.3  12:29a   NNE
 2  35.0  47.5  12:44p  24.4   3:54a  24.9   0.0  0.00   4.1  13.2   1:34p    SE
 3  52.2  65.3   1:16p  34.3  11:52p  31.3   0.0  0.00   7.8  22.0   9:44a   ESE
 4  28.9  36.0  12:21p  23.9   1:27a  28.5   0.0  0.00   5.0  16.7  11:56p   ESE
 5  27.7  41.5   9:44a  19.6  11:59p  28.1   0.0  0.00   2.4  17.9   1:52p   NNW
 6  32.7  49.3  10:48p  21.9   4:42a  32.6   0.0  0.00   4.9   7.1  11:54p   ENE
 7  35.1  45.0   1:28p  20.8   7:06a  20.0   0.0  0.00   7.0  10.7  12:37a    NW
 8  31.3  49.5   2:16p  16.9  11:15p  18.5   0.0  0.00   4.8  24.6   7:52a    NW
 9  42.7  56.8   1:06p  32.9   5:17a  19.8   0.0  0.00   5.2   9.6   9:06p   NNE
10  38.9  56.3   2:17p  23.0   5:58p  13.9   0.0  0.00   6.8  15.2   7:28a    NW
11  28.1  37.2  12:38p  14.4  11:56p  19.5   0.0  0.00   7.0  26.2   1:14p   ENE
12  25.7  37.8   9:28a  10.8   4:45a  17.9   0.0  0.00   3.6  22.1   9:58p   NNE
13  46.5  64.2   3:31p  28.4   4:02a  11.4   0.0  0.00   4.9   7.3  12:27a   NNW
14  46.4  58.1  12:52p  30.6   6:03a  11.5   0.0  0.00   6.5  10.9   2:01p    SE
15  43.3  55.4  12:00a  24.8  11:53p  25.8   0.0  0.00   7.7  18.6  12:44p   NNE
16  26.1  30.4  11:31a  24.3   1:26a  45.6   0.0  0.00   6.8  22.1  10:15a     E
17  20.7  23.0  10:07a  19.0   7:35a  49.6   0.0  0.01   4.3  13.2  10:49a    NE
18  25.0  38.3  12:43p  15.3   2:16a  33.9   0.0  0.00   3.9  11.6   2:16a   ESE
19  40.3  53.8  10:11a  25.7   2:17a  15.0   0.0  0.00   4.5  12.8   8:21p   ESE
20  45.4  62.2  11:59a  25.9   9:50p  27.6   0.0  0.00   9.2  13.9   3:47p     N
21  29.1  40.8   1:16p  18.9  12:22a  29.8   0.0  0.00   3.6  25.1   5:37a   NNW
22  23.5  25.2   1:32p  19.9  11:55p  23.6   0.0  0.04   3.3  12.6   1:40p     N
23  35.9  56.3   1:34p  19.9  11:58p  33.9   0.0  0.00   5.3   6.8   8:24p    NE
24  32.9  42.8   2:26p  23.0   7:23a  40.1   0.0  0.00   3.2  18.3   3:16a   WNW
25  31.7  45.0   2:56p  17.8   5:51a  40.0   0.0  0.00   3.1  11.0  10:58p   NNW
26  32.0  48.9   1:52p  17.4   7:32a  49.7   0.0  0.00   3.1   9.1  10:20a   NNW
27  32.3  43.9  10:16a  19.6   7:59a  46.1   0.0  0.00   4.7   8.6  12:22a     S
28  28.4  42.3  12:50p  18.0   5:16a  46.5   0.0  0.00   3.3  13.0   4:30p   SSE
29  36.9  52.7  12:47p  18.9   6:19a  48.2   0.0  0.00   5.0  10.7   9:29a   ESE
30  23.9  41.5   1:12p   3.0   5:17a  48.8   0.0  0.00   8.6  23.6  10:34a    SE
31   3.9  10.8   1:51p  -2.0   3:20a  48.7   0.0  0.00   9.3  21.4   9:49a    SE
----------------------------------------------------------------------------------
    32.9  45.7     11   20.4    16  966.0   0.0  0.05   4.8  14.8     7      NE

Max >=  80.0:  0
Max <=  32.0:  4
Min <=  32.0: 29
Min <=   0.0:  1
Max Rain: 0.02 on day 1
Days of Rain: 2 (>= 0.01 in)  0 (>= 0.10 in)  0 (>= 1.00 in)
Heat Base: 65.0  Cool Base: 65.0  Method: Integration