NOAA-Style Climate Reports

Select a Year or Month report
2018: Jan Feb Mar Apr May Jun Jul Aug Sep Oct Nov Dec
2017: Jan Feb Mar Apr May Jun Jul Aug Sep Oct Nov Dec
2016: Jan Feb Mar Apr May Jun Jul Aug Sep Oct Nov Dec
2015: Jan Feb Mar Apr May Jun Jul Aug Sep Oct Nov Dec
2014: Jan Feb Mar Apr May Jun Jul Aug Sep Oct Nov Dec
2013: Jan Feb Mar Apr May Jun Jul Aug Sep Oct Nov Dec
2012: Jan Feb Mar Apr May Jun Jul Aug Sep Oct Nov Dec
2011: Jan Feb Mar Apr May Jun Jul Aug Sep Oct Nov Dec
2010: Jan Feb Mar Apr May Jun Jul Aug Sep Oct Nov Dec

Report for 2010 November
                   Monthly Climatological Summary for Nov 2010

Name: StetsonWX.com   City: Colorado Springs   State: Colorado
Elevation: 6584 ft  Lat: N 38° 54' 02"   Lon: W 104° 42' 23"

                  Temperature (°F), Rain (in), Wind Speed (mph)

                                      Heat  Cool        Avg
    Mean                              Deg   Deg         Wind                 Dom
Day Temp  High   Time   Low    Time   Days  Days  Rain  Speed High   Time    Dir
----------------------------------------------------------------------------------
 1  42.3  54.5  12:24p  32.0   6:42a   1.9   0.7  0.00   4.6  13.1   2:00p    NE
 2  46.8  64.2   1:19p  29.8  11:57p   4.2   1.1  0.00   4.4  10.6   1:30p   ESE
 3  47.5  56.7   2:16p  40.6  12:12a   2.9   0.5  0.00   2.9   9.0  10:08a     E
 4  40.5  54.9  12:14p  29.5   4:18a   2.6   0.0  0.00   3.0  13.0   4:26p   ENE
 5  47.4  69.8   2:23p  29.3   5:28a   5.2   0.0  0.00   3.1   9.5   8:49a     E
 6  51.5  72.3  10:02a  34.9   6:51a   9.3   0.0  0.00   5.2  15.3  12:16p    NE
 7  44.9  63.9   1:32p  38.5  12:25a   3.6   0.0  0.00   4.8  13.8   1:08p    SE
 8  51.3  67.1  12:55p  34.3   4:57a   5.9   0.0  0.00   4.3  17.0   1:21p    SE
 9  44.5  61.0   2:41p  26.6   3:17a   2.7   0.0  0.00   3.3  13.3  11:46a   ESE
10  32.2  41.2  12:24p  23.5   4:52a   0.1   0.0  0.02   6.0  21.7  11:32p   ENE
11  30.1  37.0   1:41p  24.6   4:09a   0.0   2.0  0.01   6.4  20.3   8:35a   NNW
12  28.6  40.3   1:07p  19.0   6:55a   0.8   1.0  0.07   4.4  18.8   9:36a    SE
13  27.9  40.5   1:22p  15.4   5:48a   0.3   1.0  0.01   2.1   8.9  12:31p   ESE
14  29.2  39.4  12:51p  17.8   4:13a   0.3   2.0  0.00   3.2  10.9  12:51p   ESE
15  30.3  41.5   1:07p  21.0   7:09a   0.4   0.0  0.00   4.5   9.2   2:48p   ESE
16  35.8  55.9   9:12a  17.2  12:55a   2.1   0.0  0.00   4.7  15.6   3:48p   NNW
17  30.0  40.1   2:30p  18.5  11:59p   0.6   1.0  0.00   3.4  13.8   7:39a   NNW
18  44.8  65.3  12:24p  18.1   1:49a   9.5   0.0  0.00   4.4  10.8  10:19a    NW
19  48.0  58.8   2:33p  25.2   1:29a   3.7   0.0  0.00   3.5   9.2   2:05p    SE
20  38.1  55.8  11:43a  21.0  11:58p   2.5   0.0  0.00   4.6  12.8  11:50a    NW
21  44.7  55.9   3:52p  34.5   6:11a   3.3   0.0  0.00   3.2   8.3  12:32a   ENE
22  32.0  40.6   4:22p  18.9   5:38a   1.2   1.6  0.12   2.2   8.1   8:42a     E
23  30.2  45.3  11:46a  12.6   1:35a   1.9   0.0  0.00   4.8  17.4   2:08p     E
24  28.0  45.0   1:08p   9.0   2:05a   0.2   0.0  0.00   4.5  12.3  11:21a    NW
25  18.1  33.8  12:26p   2.3  11:51p   0.3   1.0  0.00   8.1  23.9   1:08p    NE
26  28.9  45.1  12:00a  12.4  11:44p   1.7   0.0  0.00   6.4   6.0   4:33p   ESE
27  31.8  50.0   9:41a  15.8   7:19a   2.6   0.0  0.00   6.0   6.9  12:22a   SSE
28  34.7  49.8   2:29p  24.6   3:13a   1.3   0.0  0.12   5.6   9.4   1:19a     S
29  21.4  28.0  12:54p  10.9   4:39a   0.0   2.0  0.00   4.3  16.5   3:36a   WSW
30  20.3  38.3   3:06p   1.0   6:38a   0.0   1.0  0.08   6.6  17.2   7:07p    NW
----------------------------------------------------------------------------------
    52.9  65.5    22    40.6    18    69.7  13.9  0.43   4.2  12.7    17     NNE

Max >=  80.0:  0
Max <=  32.0:  1
Min <=  32.0: 26
Min <=   0.0:  0
Max Rain: 0.12 on day 22
Days of Rain: 7 (>= 0.01 in)  7 (>= 0.10 in)  2 (>= 1.00 in)
Heat Base: 65.0  Cool Base: 65.0  Method: Integration