NOAA-Style Climate Reports

Select a Year or Month report
2018: Jan Feb Mar Apr May Jun Jul Aug Sep Oct Nov Dec
2017: Jan Feb Mar Apr May Jun Jul Aug Sep Oct Nov Dec
2016: Jan Feb Mar Apr May Jun Jul Aug Sep Oct Nov Dec
2015: Jan Feb Mar Apr May Jun Jul Aug Sep Oct Nov Dec
2014: Jan Feb Mar Apr May Jun Jul Aug Sep Oct Nov Dec
2013: Jan Feb Mar Apr May Jun Jul Aug Sep Oct Nov Dec
2012: Jan Feb Mar Apr May Jun Jul Aug Sep Oct Nov Dec
2011: Jan Feb Mar Apr May Jun Jul Aug Sep Oct Nov Dec
2010: Jan Feb Mar Apr May Jun Jul Aug Sep Oct Nov Dec

Report for 2010 October
                   Monthly Climatological Summary for Oct 2010

Name: StetsonWX.com   City: Colorado Springs   State: Colorado
Elevation: 6584 ft  Lat: N 38° 54' 02"   Lon: W 104° 42' 23"

                  Temperature (°F), Rain (in), Wind Speed (mph)

                                      Heat  Cool        Avg
    Mean                              Deg   Deg         Wind                 Dom
Day Temp  High   Time   Low    Time   Days  Days  Rain  Speed High   Time    Dir
----------------------------------------------------------------------------------
 1  62.2  81.9   2:12p  41.4   7:09a  15.6   1.5  0.00   4.7  13.3   3:04p     S
 2  54.7  63.9   4:43p  44.4  11:59p   5.0   0.0  0.00   4.1  10.1   5:15p   SSE
 3  55.1  75.0   3:53p  35.8   2:08a  10.9   0.1  0.00   2.1   9.3   5:56p    SE
 4  58.4  77.5   3:51p  41.9   7:40a  12.5   0.0  0.00   3.7  13.2   1:13p    SE
 5  61.5  80.4   3:38p  44.8   7:24a  11.0   0.3  0.00   3.6   9.7   4:07p    SE
 6  60.6  70.5   2:37p  52.5   2:26a   9.8   0.4  0.00   5.1  15.1   6:28p     E
 7  59.5  74.5   2:07p  43.0   6:13a  11.6   0.3  0.00   4.6  13.2   3:23p   ESE
 8  57.5  71.6   2:11p  45.7   4:38a   8.5   1.5  0.00   4.5  17.5   8:27p     E
 9  49.3  67.6   3:34p  34.0  11:35p   9.6   0.0  0.00   3.0  13.8  10:57a   SSE
10  48.2  57.4   2:25p  38.7   3:19a   9.2   3.4  0.02   6.8  21.9   1:07p   ESE
11  51.5  63.5   2:15p  40.5   2:11a   4.3   5.3  0.01   6.2  20.0   3:42p   NNE
12  44.1  52.7   3:38p  37.0   7:38a   2.2   0.1  0.07   4.2  18.0   2:59a     E
13  46.0  60.3   3:30p  35.2   6:28a   4.1   3.2  0.01   2.4   8.7  12:09p   ENE
14  53.1  72.7   2:41p  36.3   5:42a  10.0   3.2  0.00   3.4  10.8  12:13p     E
15  57.7  77.2   9:02a  40.6   6:58a  10.9   0.0  0.00   4.0   9.5  11:06a   ENE
16  55.3  70.3   4:40p  41.9   6:33a  10.8   0.0  0.00   3.7  15.6   2:26a   SSE
17  54.3  73.0   2:46p  34.0   5:08a  11.4   1.3  0.00   4.1  13.1   4:30p    SE
18  51.1  58.6  12:11p  41.7  12:52a   4.5   1.1  0.00   3.0  10.8   6:14p   ENE
19  48.8  66.4   3:00p  31.8   6:14a   8.7   1.2  0.00   4.0   9.0   3:58p    NE
20  52.1  68.9   2:29p  34.9   8:07a   8.8   0.4  0.00   3.6  12.3   5:46a   ESE
21  49.5  62.8  12:16a  36.5  11:33p   7.5   0.0  0.00   2.2   8.0   1:03a   NNE
22  47.3  54.1   2:46p  42.4  11:18a   0.6   0.0  0.12   4.0   8.1  12:33p     N
23  51.7  62.6  12:11p  45.1   3:50a   3.8   0.0  0.00   4.2  17.7  10:51a   ENE
24  54.2  66.4   3:18p  45.1   4:36a   5.2   0.0  0.00   4.4  12.6   2:53p   SSE
25  52.1  64.0   3:18p  44.2   7:09a   7.0   0.0  0.00   8.6  23.0   4:20p    SE
26  45.4  45.4   1:31p  30.1  11:59p   1.6   0.0  0.00   6.8   6.4   3:01p   ENE
27  38.4  48.4   1:25p  23.2   4:59a   1.1   0.0  0.00   6.4   6.4   7:52p     N
28  36.9  55.9   1:32p  32.5   7:25a   3.8   0.0  0.12   5.9  16.6  12:31p     E
29  58.9  76.3   3:22p  33.3  10:32p  11.0   0.0  0.00   4.0  17.0   1:46p   SSE
30  57.4  67.3   1:26p  44.6  11:57p  10.3   0.0  0.00   6.8  17.6  12:55p     N
31  52.1  61.3   3:19p  44.2   1:07a   8.4   0.0  0.00   7.7  15.4   3:34a     N
----------------------------------------------------------------------------------
    53.2  66.2    11    40.7    28   250.7  23.3  0.34   4.2  23.0    27     ENE

Max >=  80.0:  2
Max <=  32.0:  0
Min <=  32.0:  2
Min <=   0.0:  0
Max Rain: 0.12 on day 22
Days of Rain: 6 (>= 0.01 in)  2 (>= 0.10 in)  0 (>= 1.00 in)
Heat Base: 65.0  Cool Base: 65.0  Method: Integration