NOAA-Style Climate Reports

Select a Year or Month report
2018: Jan Feb Mar Apr May Jun Jul Aug Sep Oct Nov Dec
2017: Jan Feb Mar Apr May Jun Jul Aug Sep Oct Nov Dec
2016: Jan Feb Mar Apr May Jun Jul Aug Sep Oct Nov Dec
2015: Jan Feb Mar Apr May Jun Jul Aug Sep Oct Nov Dec
2014: Jan Feb Mar Apr May Jun Jul Aug Sep Oct Nov Dec
2013: Jan Feb Mar Apr May Jun Jul Aug Sep Oct Nov Dec
2012: Jan Feb Mar Apr May Jun Jul Aug Sep Oct Nov Dec
2011: Jan Feb Mar Apr May Jun Jul Aug Sep Oct Nov Dec
2010: Jan Feb Mar Apr May Jun Jul Aug Sep Oct Nov Dec

Report for 2010 September
                   Monthly Climatological Summary for Sep 2010

Name: StetsonWX.com   City: Colorado Springs   State: Colorado
Elevation: 6584 ft  Lat: N 38° 54' 02"   Lon: W 104° 42' 23"

                  Temperature (°F), Rain (in), Wind Speed (mph)

                                      Heat  Cool        Avg
    Mean                              Deg   Deg         Wind                 Dom
Day Temp  High   Time   Low    Time   Days  Days  Rain  Speed High   Time    Dir
----------------------------------------------------------------------------------
 1  64.8  80.6   1:27p  46.8   3:44a   1.3   1.4  0.00   3.7  15.6   5:27p    NE
 2  58.7  68.0   5:06p  48.9  10:56p   0.9   5.4  0.00   6.2  18.5   7:43p    NE
 3  57.5  72.7  12:25p  41.4   6:21a   1.6   7.4  0.00   3.3   8.8   7:11p   NNE
 4  65.6  85.8   3:15p  45.5   6:07a   3.4   2.1  0.00   4.7  12.7   6:56p     N
 5  70.4  86.9   1:01p  50.2   4:57a   4.0   2.1  0.00   4.0  18.2  12:25p   NNE
 6  64.9  79.9   3:51p  45.5   5:49a   1.6   4.3  0.00   5.1  20.8   3:55p   SSW
 7  58.9  72.7   1:13p  44.4   9:30a   1.6   8.9  0.00   4.2  15.9  10:54a     E
 8  62.3  71.4   3:07p  52.2   6:23a   1.7   7.3  0.00   3.4   9.5   4:08p   NNE
 9  65.4  81.7   4:48p  49.1   6:06a   1.3   1.9  0.00   3.0  12.1  11:58a    N
10  62.5  78.1   4:19p  49.3   3:24a   2.2   3.3  0.00   5.3  17.6   4:14p    N
11  57.7  72.7   1:44p  39.0  11:40p   0.9   4.7  0.00   4.2  14.8  12:49p   ENE
12  62.8  79.3   4:16p  43.2   5:27a   2.1   0.9  0.00   3.4  13.9   5:02p   SSE
13  66.4  82.0   3:57p  48.9   1:20a   4.0   0.6  0.00   3.7   8.6   2:10p    NE
14  67.3  84.6  12:40p  51.4   5:07a   3.9   0.5  0.00   3.8   8.8   5:50p    SE
15  68.4  80.8  11:41a  57.9   6:10a   2.0   0.0  0.00   4.3  13.3   1:57p     E
16  63.5  77.4   3:53p  50.5   1:46a   1.0   6.0  0.00   3.4  10.6   3:26p   WNW
17  66.9  84.6   2:50p  48.9   5:48a   2.8   0.3  0.00   3.8  10.5   5:32p     W
18  65.3  79.7   3:27p  51.4   5:16a   1.0   1.1  0.00   3.2  13.8   7:56p    NE
19  65.3  86.5   3:13p  43.3   6:29a   4.9   1.1  0.00   4.5  10.2   5:43p     N
20  69.0  88.0   1:47p  49.8   3:35a   7.0   3.6  0.00   4.5  14.2   5:26p    NE
21  66.2  80.8   1:48p  50.0   5:52a   1.7   1.9  0.00   2.2  14.4   7:15p    NE
22  60.5  75.2   1:52p  49.6   5:14a   0.7   1.9  0.07   4.2   8.2   4:20p    SE
23  61.9  75.4   1:57p  50.7   4:27a   0.6   1.2  0.01   3.9  14.6   4:19p    SE
24  58.3  74.8  12:07p  41.4   4:50a   5.4   0.0  0.00   3.9   8.4   7:59p   SSE
25  61.0  78.6   2:28p  44.6   6:06a   7.0   1.9  0.00   2.1  14.9   4:14p   ESE
26  62.1  82.6  12:18p  41.0   4:28a   3.7   1.5  0.00   6.2   8.4   3:11p   NNE
27  65.2  79.7   2:43p  49.3   5:53a   1.2   1.1  0.00   3.1  20.4  12:42p    SE
28  65.4  85.5   1:36p  45.5  11:06p   0.8   2.8  0.00   7.9   9.6   9:02p     E
29  55.8  79.9   2:07p  50.0   6:12a   0.5   3.7  0.00   3.0  24.6  12:00a   ESE
30  62.2  68.2  12:53p  53.6   5:06a   2.2   3.6  0.00   4.0  12.3  12:00a   SSE
----------------------------------------------------------------------------------
    63.5  79.1    10    47.5     9    87.2  86.7  0.08   3.9  12.9    14      NE

Max >=  80.0: 13
Max <=  32.0:  0
Min <=  32.0:  0
Min <=   0.0:  0
Max Rain: 2.12 on day 2
Days of Rain: 11 (>= 0.01 in)  5 (>= 0.10 in)  2 (>= 1.00 in)
Heat Base: 65.0  Cool Base: 65.0  Method: Integration