NOAA-Style Climate Reports

Select a Year or Month report
2018: Jan Feb Mar Apr May Jun Jul Aug Sep Oct Nov Dec
2017: Jan Feb Mar Apr May Jun Jul Aug Sep Oct Nov Dec
2016: Jan Feb Mar Apr May Jun Jul Aug Sep Oct Nov Dec
2015: Jan Feb Mar Apr May Jun Jul Aug Sep Oct Nov Dec
2014: Jan Feb Mar Apr May Jun Jul Aug Sep Oct Nov Dec
2013: Jan Feb Mar Apr May Jun Jul Aug Sep Oct Nov Dec
2012: Jan Feb Mar Apr May Jun Jul Aug Sep Oct Nov Dec
2011: Jan Feb Mar Apr May Jun Jul Aug Sep Oct Nov Dec
2010: Jan Feb Mar Apr May Jun Jul Aug Sep Oct Nov Dec

Report for 2010 August
                   Monthly Climatological Summary for Aug 2010

Name: StetsonWX.com   City: Colorado Springs   State: Colorado
Elevation: 6584 ft  Lat: N 38° 54' 02"   Lon: W 104° 42' 23"

                  Temperature (°F), Rain (in), Wind Speed (mph)

                                      Heat  Cool        Avg
    Mean                              Deg   Deg         Wind                 Dom
Day Temp  High   Time   Low    Time   Days  Days  Rain  Speed High   Time    Dir
----------------------------------------------------------------------------------
 1  70.3  84.2   1:27p  60.6   3:44a   0.3   3.4  0.00   3.7  16.6   5:27p    NE
 2  68.9  84.0   5:06p  58.6  10:56p   2.9   5.4  2.12   5.2  14.5   7:43p    NE
 3  65.6  81.5  12:25p  53.6   6:21a   3.6   7.4  0.07   3.3  15.8   7:11p   NNE
 4  65.4  76.8   3:15p  57.9   6:07a   3.4   2.1  0.05   4.7  15.7   6:56p     N
 5  63.8  78.3   1:01p  55.4   4:57a   1.0   2.1  0.04   2.0   8.2  12:25p   NNE
 6  65.6  80.8   3:51p  54.7   5:49a   0.6   3.3  0.01   2.1   8.8   3:55p   SSW
 7  69.6  86.9   1:13p  54.1   9:30a   0.6   2.9  0.00   3.2  13.9  10:54a     E
 8  68.7  81.5   3:07p  57.7   6:23a   1.7   7.3  1.37   3.4  11.5   4:08p   SSE
 9  66.3  78.3   4:48p  58.1   6:06a   1.3   6.9  0.30   2.0   9.1  11:58a    SE
10  69.2  81.0   4:19p  54.7   3:24a   1.2   4.3  0.00   2.3   8.6   4:14p    SE
11  70.9  86.9   1:44p  54.3  11:40p   0.9   3.7  0.00   3.2  13.8  12:49p   ENE
12  69.1  83.8   4:16p  58.1   5:27a   2.1   0.9  0.30   3.4  18.9   5:02p   SSE
13  68.0  80.4   3:57p  53.4   1:20a   3.0   0.6  0.00   4.7  12.6   2:10p    NE
14  65.9  83.8  12:40p  50.5   5:07a   0.9   0.5  0.00   5.8  15.8   5:50p    SE
15  63.6  72.5  11:41a  59.5   6:10a   0.0   0.0  0.00   4.3  11.3   1:57p     E
16  62.4  70.2   3:53p  58.1   1:46a   0.0   6.0  0.05   3.4  18.6   3:26p   WNW
17  65.8  80.2   2:50p  50.0   5:48a   0.8   5.3  0.00   2.8  12.5   5:32p   ESE
18  71.0  86.7   3:27p  52.9   5:16a   1.0   3.1  0.00   3.2   9.8   7:56p    NE
19  69.9  83.5   3:13p  57.9   6:29a   1.9   4.1  0.00   4.5  21.2   5:43p     N
20  64.6  79.0   1:47p  57.4   3:35a   3.0   3.6  0.00   4.5  12.2   5:26p    NE
21  69.0  83.7   1:48p  53.1   5:52a   1.7   1.9  0.00   4.2  20.4   7:15p    NE
22  70.7  86.0   1:52p  53.1   5:14a   0.7   3.9  0.00   3.2  13.2   4:20p    SE
23  68.6  78.6   1:57p  59.0   4:27a   0.6   1.2  0.00   4.9  15.6   4:19p    SE
24  60.0  68.4  12:07p  52.5   4:50a   5.4   0.0  0.00   3.9  12.4   7:59p   SSE
25  61.9  75.7   2:28p  46.9   6:06a   7.0   1.9  0.00   3.1  10.9   4:14p   ESE
26  67.6  85.6  12:18p  48.9   4:28a   1.7   1.5  0.31   3.2   9.4   3:11p   NNE
27  70.2  88.0   2:43p  52.9   5:53a   1.2   0.1  0.01   3.1  13.4  12:42p    SE
28  70.8  86.0   1:36p  53.8  11:06p   0.8   1.8  0.00   3.9   7.6   9:02p     E
29  71.0  84.9   2:07p  55.8   6:12a   0.5   0.7  0.00   3.0  10.6  12:00a   ESE
30  68.2  80.8  12:53p  53.6   5:06a   2.2   1.6  0.00   3.0  14.3  12:00a   SSE
31  67.4  79.0  12:32p  54.9   4:13a   3.4   2.8  0.00   4.0  15.1  12:00a   SSE
----------------------------------------------------------------------------------
    67.4  81.2    10    54.9     7    65.2  90.7  4.63   1.3  24.4    26     ENE

Max >=  80.0: 21
Max <=  32.0:  0
Min <=  32.0:  0
Min <=   0.0:  0
Max Rain: 2.12 on day 2
Days of Rain: 11 (>= 0.01 in)  5 (>= 0.10 in)  2 (>= 1.00 in)
Heat Base: 65.0  Cool Base: 65.0  Method: Integration