NOAA-Style Climate Reports

Select a Year or Month report
2018: Jan Feb Mar Apr May Jun Jul Aug Sep Oct Nov Dec
2017: Jan Feb Mar Apr May Jun Jul Aug Sep Oct Nov Dec
2016: Jan Feb Mar Apr May Jun Jul Aug Sep Oct Nov Dec
2015: Jan Feb Mar Apr May Jun Jul Aug Sep Oct Nov Dec
2014: Jan Feb Mar Apr May Jun Jul Aug Sep Oct Nov Dec
2013: Jan Feb Mar Apr May Jun Jul Aug Sep Oct Nov Dec
2012: Jan Feb Mar Apr May Jun Jul Aug Sep Oct Nov Dec
2011: Jan Feb Mar Apr May Jun Jul Aug Sep Oct Nov Dec
2010: Jan Feb Mar Apr May Jun Jul Aug Sep Oct Nov Dec

Report for 2010 July
                   Monthly Climatological Summary for Jul 2010

Name: StetsonWX.com   City: Colorado Springs   State: Colorado
Elevation: 6584 ft  Lat: N 38° 54' 02"   Lon: W 104° 42' 23"

                  Temperature (°F), Rain (in), Wind Speed (mph)

                                      Heat  Cool        Avg
    Mean                              Deg   Deg         Wind                 Dom
Day Temp  High   Time   Low    Time   Days  Days  Rain  Speed High   Time    Dir
----------------------------------------------------------------------------------
 1  69.9  86.4   1:27p  50.2   3:44a   4.6  15.3  0.00   4.7  10.6   5:27p     S
 2  72.3  86.9   5:06p  56.5  10:56p   7.3   9.0  0.00   4.2  16.5   7:43p    NE
 3  74.0  87.4  12:25p  57.7   6:21a   9.0   7.0  0.00   3.3  10.8   7:11p   NNE
 4  66.4  79.5   3:15p  50.0   6:07a   1.4  15.0  1.00   8.7  17.7   6:56p     N
 5  62.6  77.2   1:01p  47.7   4:57a   0.0  15.3  0.05   3.0  13.2  12:25p   NNE
 6  66.1  83.8   3:51p  49.8   5:49a   1.1  14.7  0.11   3.1  18.8   3:55p   WSW
 7  59.0  68.2   1:13p  51.3   9:30a   0.0  14.2  0.31   4.2  15.9  10:54a     E
 8  58.5  72.3   3:07p  51.4   6:23a   0.0  13.9  0.80   2.4  15.5   4:08p   SSE
 9  61.8  76.8   4:48p  47.7   6:06a   0.0  16.0  0.00   2.0   8.1  11:58a    SE
10  67.3  82.8   4:19p  52.5   3:24a   2.3  13.0  0.00   4.3  14.6   4:14p    SE
11  68.4  84.0   1:44p  51.8  11:40p   3.4  13.7  0.23   3.2  12.8  12:49p   NNE
12  69.5  85.5   4:16p  51.3   5:27a   4.5  14.2  1.19   3.4  12.9   5:02p   SSE
13  74.7  90.9   3:57p  55.2   1:20a   9.7  10.3  0.00   3.7   8.6   2:10p   ENE
14  75.6  87.6  12:40p  66.0   5:07a  10.1   0.0  0.00   3.8  11.8   5:50p   SSE
15  69.3  86.7  11:41a  59.5   6:10a   4.3   5.9  0.12   3.3  18.3   1:57p     E
16  73.3  87.6   3:53p  55.9   1:46a   9.3   9.3  0.00   4.4  13.6   3:26p   WNW
17  75.7  92.3   2:50p  58.5   5:48a  10.7   7.0  0.00   4.8  11.5   5:32p   ESE
18  72.9  83.3   3:27p  63.9   5:16a   7.9   1.5  0.01   3.2  13.8   7:56p    NE
19  72.1  89.4   3:13p  56.3   6:29a   7.1   9.2  0.01   3.5  12.2   5:43p     N
20  67.0  83.8   1:47p  58.8   3:35a   2.0   7.7  0.93   5.5  16.2   5:26p    NE
21  68.1  82.4   1:48p  58.6   5:52a   3.1   7.9  0.14   3.2  11.4   7:15p   NNE
22  69.6  82.8   1:52p  60.4   5:14a   4.6   4.2  0.01   3.2  14.2   4:20p     E
23  71.2  84.9   1:57p  55.4   4:27a   6.2  10.1  0.00   2.9   9.6   4:19p    NE
24  66.9  75.9  12:07p  56.1   4:50a   1.9   9.4  0.00   6.9  20.4   7:59p   SSE
25  65.7  76.8   2:28p  58.1   6:06a   0.2   6.7  0.00   3.1  11.9   4:14p     S
26  69.2  85.1  12:18p  51.1   4:28a   4.2  14.2  0.00   2.2   9.4   3:11p   NNE
27  72.3  87.3   2:43p  57.4   5:53a   7.3   8.1  0.00   6.1  18.4  12:42p    SE
28  71.7  83.7   1:36p  61.7  11:06p   6.2   3.8  0.04   4.9  17.6   9:02p     E
29  70.4  87.3   2:07p  56.8   6:12a   4.9   8.7  0.07   4.0  14.6  12:00a   ESE
30  67.8  77.9  12:53p  59.9   5:06a   2.3   5.6  0.26   4.0  14.3  12:00a   SSE
31  66.6  77.7  12:32p  57.6   4:13a   1.1   6.8  0.05   3.0   9.1  12:00a   ESE
----------------------------------------------------------------------------------
    68.9  83.0    10    55.6     7   135.1 289.4  5.43   1.3  24.4    26     ENE

Max >=  80.0: 22
Max <=  32.0:  0
Min <=  32.0:  0
Min <=   0.0:  0
Max Rain: 1.52 on day 28
Days of Rain: 14 (>= 0.01 in)  6 (>= 0.10 in)  1 (>= 1.00 in)
Heat Base: 65.0  Cool Base: 65.0  Method: Integration