NOAA-Style Climate Reports

Select a Year or Month report
2018: Jan Feb Mar Apr May Jun Jul Aug Sep Oct Nov Dec
2017: Jan Feb Mar Apr May Jun Jul Aug Sep Oct Nov Dec
2016: Jan Feb Mar Apr May Jun Jul Aug Sep Oct Nov Dec
2015: Jan Feb Mar Apr May Jun Jul Aug Sep Oct Nov Dec
2014: Jan Feb Mar Apr May Jun Jul Aug Sep Oct Nov Dec
2013: Jan Feb Mar Apr May Jun Jul Aug Sep Oct Nov Dec
2012: Jan Feb Mar Apr May Jun Jul Aug Sep Oct Nov Dec
2011: Jan Feb Mar Apr May Jun Jul Aug Sep Oct Nov Dec
2010: Jan Feb Mar Apr May Jun Jul Aug Sep Oct Nov Dec

Report for 2010 May
<HTML><HEAD>
<TITLE>Daily NOAA report</TITLE>
</HEAD><BODY>

<PRE>
                            MONTHLY CLIMATOLOGICAL SUMMARY for April 2010

NAME:    CITY:  STATE: 
ELEV: 0 LAT: 038:54:02 LONG: 0104:42:23

                            TEMPERATURE ( °F), RAIN (in.), WIND SPEED (mph)

                                               HEAT     COOL           AVG
      MEAN                                     DEG      DEG            WIND                       DOM
DAY   TEMP    HIGH   TIME     LOW    TIME      DAYS     DAYS    RAIN   SPEED    HIGH    TIME      DIR
----------------------------------------------------------------------------------------------------------------------------------------------------------
1	  39.5	52.5	17:00	23.5	6:03	0	1.6	0.04 	4	16	14:00	E
2	  36.2	49.3	17:00	26.4	6:00	0.9	0	0.00 	4	17	17:05	SE
3	  48.2	65.7	15:02	26.6	6:04	0	5.4	0.00 	5	15	16:01	SSE
4	61.5	74.7	14:00	48.2	6:01	0	3.8	0.01 	10	28	23:05	N
5	48.7	58.5	16:04	32.7	5:05	0.8	0	0.00 	8	23	18:02	NE
6	50	72	16:05	36.7	6:04	1.3	0	0.00 	9	25	12:05	SSE
7	39.2	50.9	12:02	28.4	5:01	8	0	0.00 	7	17	15:00	SE
8	45.7	58.1	12:03	30.4	0:00	11.3	0	0.00 	8	18	18:01	NW
9	56.7	77.7	17:00	34.2	5:05	13.8	0	0.00 	5	17	7:04	NE
10	57.4	66.9	13:01	42.8	3:04	5.9	0	0.00 	7	21	15:03	SE
11	41.8	48.2	11:05	34.9	2:05	0.2	0	0.05 	7	17	13:01	N
12	37	47.1	15:05	30	23:05	8.6	0	0.00 	8	18	15:04	NW
13	40	50.5	17:00	31.1	6:00	1.4	0	0.00 	4	14	17:02	SE
14	40.8	46.4	15:00	36.5	6:01	0	0.9	0.00 	4	15	16:03	N
15	47.3	61	17:00	39.2	6:01	6.6	0	0.01 	4	14	13:01	NW
16	50.2	65.3	14:04	33.4	4:02	0	2.5	0.00 	5	18	15:01	SSE
17	53.8	66.4	16:04	36.3	4:01	0	5.1	0.40 	5	20	15:01	NE
18	54.4	66.2	15:05	46.2	6:00	0	4	0.00 	4	17	19:01	v
19	52.6	66.9	15:05	44.4	6:02	2.6	0	0.00 	4	15	17:03	SSE
20	56.2	70.3	15:02	40.8	6:02	0	4.6	0.00 	5	18	21:00	E
21	60.5	72.3	14:00	47.5	6:00	0	2.5	0.00 	6	20	20:04	N
22	71.9	83.1	14:00	60.8	5:00	2.2	0	0.00 	8	22	14:03	SE
23	58.1	69.4	12:05	43.2	5:05	5.3	0	0.00 	6	24	17:00	N
24	56.8	67.1	15:00	42.6	3:05	3.5	0	0.00 	6	21	19:00	E
25	55.1	67.5	13:02	40.6	6:01	0	0.7	0.00 	4	17	15:01	N
26	59.9	72.1	15:05	51.1	6:02	0	4.7	0.50 	5	20	17:03	SE
27	67.5	82.8	12:04	53.4	22:05	0	2.5	0.00 	4	20	16:05	N
28	70.4	85.1	17:02	53.6	6:02	0	1.8	0.00 	4	16	13:04	E
29	67.5	85.1	17:02	51.8	5:05	0	8.4	0.00 	5	21	17:03	SE
30	56.2	67.8	13:05	45	4:02	0	10.1	0.00 	6	18	16:00	SSE
31	60.7	79.7	13:05	42.1	4:02	0	0:00	0.00 	3	15	16:00	SSE

----------------------------------------------------------------------------------------------------------------------------------------------------------
64.5 (65.0)   92.3  day 29     39.6  day 10   072.4    058.5   00.69   01.7     24.2   day 05     N
Max >=  86: 4
Min <=  86: 30
Max Rain: 0.20 ON 8-06-14
Days of Rain: 9 (> .008in) 3 (> .08in) 0 (> 0.8in)

</PRE></BODY></HTML>