NOAA-Style Climate Reports

Select a Year or Month report
2018: Jan Feb Mar Apr May Jun Jul Aug Sep Oct Nov Dec
2017: Jan Feb Mar Apr May Jun Jul Aug Sep Oct Nov Dec
2016: Jan Feb Mar Apr May Jun Jul Aug Sep Oct Nov Dec
2015: Jan Feb Mar Apr May Jun Jul Aug Sep Oct Nov Dec
2014: Jan Feb Mar Apr May Jun Jul Aug Sep Oct Nov Dec
2013: Jan Feb Mar Apr May Jun Jul Aug Sep Oct Nov Dec
2012: Jan Feb Mar Apr May Jun Jul Aug Sep Oct Nov Dec
2011: Jan Feb Mar Apr May Jun Jul Aug Sep Oct Nov Dec
2010: Jan Feb Mar Apr May Jun Jul Aug Sep Oct Nov Dec

Report for 2010 March

                            MONTHLY CLIMATOLOGICAL SUMMARY for Mar. 2010

Name: StetsonWX.com   City: Colorado Springs   State: Colorado
Elevation: 6584 ft  Lat: N 38° 54' 02"   Lon: W 104° 42' 23"

                            TEMPERATURE ( °F), RAIN (in.), WIND SPEED (mph)

                                               HEAT     COOL           AVG
      MEAN                                     DEG      DEG            WIND                       DOM
DAY   TEMP    HIGH   TIME     LOW    TIME      DAYS     DAYS    RAIN   SPEED    HIGH    TIME      DIR
----------------------------------------------------------------------------------------------------------------------------------------------------------
01    33.2   49.1   13:01    23.1   00:00     34.8     00.0   00.00   6.2     18.6    15:00      NE
02    40.4   62.0   12:02    21.3   07:05     36.5     00.0   00.00   3.8     11.2    13:03      N 
03    41.1   69.3   12:01    23.9   07:04     19.8     00.0   00.00   4.4     15.0    20:04      NW
04    28.0   32.9   01:00    25.5   00:00     42.9     00.0   00.00   3.4     19.9    16:01      SE
05    40.9   60.7   08:04    24.7   03:02     58.0     00.0   00.00   5.8     16.9    12:04      E 
06    42.2   66.6   23:04    27.5   06:02     52.8     00.0   00.00   3.4     13.3    23:01     ENE
07    37.8   50.8   12:04    28.7   03:02     30.2     00.0   00.00   3.2     13.2    23:04     ENE
08    35.9   37.0   11:03    34.7   08:00     34.0     00.0   00.00   5.2     21.5    00:11     NNE
09    40.0   53.5   13:00    32.5   03:02     31.9     00.0   00.00   6.2     18.3    19:00     NNE
10    35.7   50.8   12:05    27.2   00:00     34.2     00.0   00.00   5.8     15.8    12:03      N 
11    32.3   43.4   13:05    22.1   01:01     27.6     00.0   00.00   9.2     25.7    04:03      NE
12    38.2   53.4   06:04    18.3   00:00     28.8     00.0   00.00   8.7     25.6    15:05      E 
13    41.7   59.1   15:05    22.7   00:17     34.2     00.0   00.00   5.8     16.0    12:04      NW
14    34.9   38.0   15:05    31.4   00:00     37.1     00.0   00.04   5.9     16.7    13:01      N 
15    36.5   50.9   16:04    28.3   01:00     37.4     00.0   00.01   5.7     13.7    17:00     NNW
16    41.1   59.0   10:02    23.7   00:00     30.8     00.0   00.00   6.9     20.7    16:02      W 
17    48.3   67.2   12:02    28.3   07:01     34.7     00.0   00.00   4.9     13.9    13:02      NE
18    48.0   71.1   13:04    33.3   07:05     30.0     00.0   00.00   8.7     25.8    11:03     NNE
19    26.7   33.3   13:03    19.4   00:17     23.2     00.0   00.00   11.4    26.8    12:01      N 
20    31.1   39.5   13:05    18.6   23:05     28.8     00.0   00.01   5.5     13.6    11:02      SE
21    40.7   61.3   13:02    16.7   05:03     27.2     00.0    1.91   4.5     15.1    13:05     ESE
22    51.2   67.3   12:05    33.1   06:01     36.8     00.0   00.00   4.9     13.1    20:03      SE
23    42.2   51.4   00:07    27.6   20:02     51.8     00.0   00.00   7.5     18.1    00:09     ESE
24    30.1   39.9   13:01    20.2   01:00     32.9     00.0   00.01   8.6     20.1    04:02      E 
25    30.3   44.3   11:05    14.4   07:03     23.7     00.0   00.00   5.3     13.3    13:01      N 
26    37.4   56.8   13:00    29.3   23:00     26.5     00.0   00.00   5.8     18.9    17:04     ENE
27    34.4   42.7   00:07    28.5   00:00     50.5     00.0   00.05   13.6    30.3    10:04      SE
28    40.3   57.3   14:02    22.7   07:04     53.7     00.0   00.00   4.4     10.8    22:01      SE
29    50.7   68.8   00:00    29.2   00:16     33.2     00.0   00.00   4.5     14.0    19:04     SSE
30    60.5   76.4   02:04    45.1   00:00     25.4     00.0   00.00   5.7     18.1    01:05      SE
31    58.1   73.1   00:07    47.2   06:03     43.8     00.0   00.00   8.6     21.2    00:15      NW
----------------------------------------------------------------------------------------------------------------------------------------------------------
29.7 (29.2)   61.3  day 19    -08.5  day 06   1093.3    000.0   00.67   01.8     31.1   day 30      NE
Max <=  32: 6
Min <=  86: 31
Min <=   0: 3
Max <= 23: 4
Min <=  23: 26
Min <=   5: 5
Min <=   0: 3
Min <=  -4: 2
Max Rain: 0.25 ON 29-01-14
Days of Rain: 11 (> .008in) 2 (> .08in) 0 (> 0.8in)