NOAA-Style Climate Reports

Select a Year or Month report
2018: Jan Feb Mar Apr May Jun Jul Aug Sep Oct Nov Dec
2017: Jan Feb Mar Apr May Jun Jul Aug Sep Oct Nov Dec
2016: Jan Feb Mar Apr May Jun Jul Aug Sep Oct Nov Dec
2015: Jan Feb Mar Apr May Jun Jul Aug Sep Oct Nov Dec
2014: Jan Feb Mar Apr May Jun Jul Aug Sep Oct Nov Dec
2013: Jan Feb Mar Apr May Jun Jul Aug Sep Oct Nov Dec
2012: Jan Feb Mar Apr May Jun Jul Aug Sep Oct Nov Dec
2011: Jan Feb Mar Apr May Jun Jul Aug Sep Oct Nov Dec
2010: Jan Feb Mar Apr May Jun Jul Aug Sep Oct Nov Dec

Report for 2010 February
                   Monthly Climatological Summary for Feb 2010

Name: StetsonWX.com   City: Colorado Springs   State: Colorado
Elevation: 6584 ft  Lat: N 38° 54' 02"   Lon: W 104° 42' 23"

                  Temperature (°F), Rain (in), Wind Speed (mph)

                                      Heat  Cool        Avg
    Mean                              Deg   Deg         Wind                 Dom
Day Temp  High   Time   Low    Time   Days  Days  Rain  Speed High   Time    Dir
----------------------------------------------------------------------------------
 1  
 2  
 3  
 4  
 5  
 6  
 7  28.2  35.9  12:35p  22.7   6:20a   6.4   1.0  0.02   2.0  7.0    1:35p   SSE
 8  20.4  26.8  12:50p  13.7  11:30p   9.4   0.8  0.00   2.2  11.0   4:32p    SW
 9  16.9  24.9   1:16p  9.7    6:11a  25.1   0.0  0.06   2.4  7.4   10:25a   NNE
10  24.4  43.5   2:42p  9.5    6:50a  20.6   0.0  0.00   2.5  8.6    5:38p    SE
11  29.0  43.0   1:06p  15.3   3:50a  13.9   0.9  0.00   2.3  11.4   6:29p     E
12  30.4  45.7  12:54p  14.9   3:25a   9.9   0.3  0.00   2.0  9.3    3:10p     N
13  34.8  47.6   3:09p  23.9   6:47a  18.2   0.0  0.00   4.8  20.9   3:35p   SSE
14  19.3  24.3   4:35p  12.1   5:30a  14.3   0.6  0.00   7.2  21.8   3:45p   SSE
15  21.3  38.4  11:16a  6.2   11:50p  13.2   0.4  0.00   3.5  11.3   1:11p     W
16  24.7  42.0   4:18p  9.6   10:24p  31.3   0.0  0.00   2.3  8.7    4:31a    NW
17  31.9  48.8   5:25p  16.5   3:58a  25.1   0.0  0.00   2.0  8.2    7:39p   ESE
18  33.4  46.2  12:49p  21.5   6:55a  24.6   0.0  0.00   3.0  10.5   6:51p   NNW
19  28.5  33.9   3:07p  22.7   8:33a  25.5   0.0  0.00   3.5  9.3    4:41a   NNW
20  23.5  28.2   2:58p  22.6   2:11a  22.5   0.0  0.00   2.0  6.4    1:19p    SE
21  19.3  28.6  11:36a  14.1   5:17a  16.7   0.0  0.00   4.2  9.6    7:09p   ESE
22  18.8  29.8  12:34p  7.0    4:07a  17.2   0.0  0.00   3.0  13.4   10:53p    S
23  23.9  40.5  12:30p  5.1    5:10a  11.9   0.9  0.01   3.1  11.4   1:58p     S
24  34.6  51.5  11:59a  13.6   4:59a  15.5   0.0  0.00   2.1  8.0    2:33p    NW
25  34.3  42.3  12:44p  29.4   6:20a  12.1   0.4  0.01   4.9  11.8   9:57p   SSE
26  32.8  46.5  12:00a  20.9  11:25p  21.2   0.0  0.01   3.4  10.9   1:09p   SSE
27  36.4  49.6   4:31p  20.0   7:55a  24.6   0.0  0.01   2.6  8.0    5:18p   NNW
28  33.4  46.7   3:26p  27.9   6:09a  17.6   0.0  0.00   6.9  17.4   3:34p     S
----------------------------------------------------------------------------------
    48.2  77.2    30    22.1     4   518.6  15.2  0.76   1.7  53.7    30     SSE

Max >=  80.0:  0
Max <=  32.0:  0
Min <=  32.0:  9
Min <=   0.0:  0
Max Rain: 0.47 on day 17
Days of Rain: 11 (>= 0.01 in)  1 (>= 0.10 in)  0 (>= 1.00 in)
Heat Base: 65.0  Cool Base: 65.0  Method: Integration