NOAA-Style Climate Reports

Select a Year or Month report
2018: Jan Feb Mar Apr May Jun Jul Aug Sep Oct Nov Dec
2017: Jan Feb Mar Apr May Jun Jul Aug Sep Oct Nov Dec
2016: Jan Feb Mar Apr May Jun Jul Aug Sep Oct Nov Dec
2015: Jan Feb Mar Apr May Jun Jul Aug Sep Oct Nov Dec
2014: Jan Feb Mar Apr May Jun Jul Aug Sep Oct Nov Dec
2013: Jan Feb Mar Apr May Jun Jul Aug Sep Oct Nov Dec
2012: Jan Feb Mar Apr May Jun Jul Aug Sep Oct Nov Dec
2011: Jan Feb Mar Apr May Jun Jul Aug Sep Oct Nov Dec
2010: Jan Feb Mar Apr May Jun Jul Aug Sep Oct Nov Dec

Report for 2010 January
                   Monthly Climatological Summary for Jan 2010

Name: StetsonWX.com   City: Colorado Springs   State: Colorado
Elevation: 6584 ft  Lat: N 38° 54' 02"   Lon: W 104° 42' 23"

                  Temperature (°F), Rain (in), Wind Speed (mph)

                                      Heat  Cool        Avg
    Mean                              Deg   Deg         Wind                 Dom
Day Temp  High   Time   Low    Time   Days  Days  Rain  Speed High   Time    Dir
----------------------------------------------------------------------------------
1   27.0  39.4   13:01  15.5   00:00  34.8  00.0  0.00   6.2  15.6  15:00     NE
2   32.5  45.5   12:02  18.0   07:05  36.5  00.0  0.00   9.8  30.2  13:03      N 
3   26.5  36.9   12:01  14.6   07:04  19.8  00.0  0.00   8.4  13.0  20:04     NW
4   22.1  36.4   01:00   8.0   00:00  42.9  00.0  0.00   8.4  10.9  16:01     SE
5   34.0  50.3   08:04  17.9   03:02  58.0  00.0  0.00   6.8  18.9  12:04      E 
6   24.1  42.8   23:04   5.1   06:02  52.8  00.0  0.00  16.4  29.3  23:01     NE
7    7.5  18.2   12:04  -4.5   03:02  30.2  00.0  0.00   6.2  12.2  23:04     NE
8   14.0  34.9   11:03  -7.2   08:00  34.0  00.0  0.00   7.2  12.5  00:11    NNE
9   26.0  45.8   13:00   8.7   03:02  31.9  00.0  0.00   8.2  12.3  19:00    ENE
10  33.0  49.6   12:05  17.4   00:00  34.2  00.0  0.00   9.8  13.8  12:03      N 
11  33.8  50.4   13:05  16.8   01:01  27.6  00.0  0.00   9.2  14.7  04:03     NE
12  38.7  59.4   06:04  16.0   00:00  28.8  00.0  0.00   8.7  17.6  15:05     SE 
13  40.8  54.5   15:05  25.1   00:17  34.2  00.0  0.00   7.8  14.0  12:04     NW
14  34.2  46.6   15:05  23.0   00:00  37.1  00.0  0.00   8.9  10.7  13:01      N 
15  30.0  45.5   16:04  16.1   01:00  37.4  00.0  0.00   8.7  12.7  17:00    NNW
16  36.2  56.3   10:02  17.8   00:00  30.8  00.0  0.00   8.9  10.7  16:02      W 
17  38.4  53.3   12:02  21.9   07:01  34.7  00.0  0.00   8.9  10.9  13:02     NE
18  34.4  49.4   13:04  20.5   07:05  30.0  00.0  0.00   6.7  12.8  11:03    NNE
19  34.5  47.3   13:03  22.0   00:17  23.2  00.0  0.00  10.4  28.8  12:01      N 
20  28.6  37.6   13:05  19.5   23:05  28.8  00.0  0.00   7.5  18.6  11:02     SE
21  28.0  40.9   13:02  15.8   05:03  27.2  00.0  0.00   7.5  12.1  13:05    ESE
22  39.6  51.3   12:05  27.0   06:01  36.8  00.0  0.00   8.0  29.1  20:03     SE
23  34.8  41.5   00:07  26.9   20:02  51.8  00.0  0.00   9.5  20.1  00:09    ESE
24  32.1  39.1   13:01  23.5   01:00  32.9  00.0  0.00  17.6  28.1  04:02      E 
25  28.8  38.2   11:05  12.6   07:03  23.7  00.0  0.00   6.3   9.3  13:01      N 
26  22.2  37.0   13:00   7.8   23:00  26.5  00.0  0.00   5.8  9.9  17:04     ENE
27  32.2  45.9   00:07  18.9   00:00  50.5  00.0  0.00   9.6  18.3  10:04     SE
28  23.6  26.8   14:02  20.2   07:04  53.7  00.0  0.00   7.4  12.8  22:01     SE
29  28.3  41.4   00:00  14.2   00:16  33.2  00.0  0.02   5.5  16.0  19:04    SSE
30  27.4  43.5   02:04  11.9   00:00  25.4  00.0  0.00   9.7  15.1  01:05     SE
31  31.9  44.9   00:07  18.1   06:03  43.8  00.0  0.00   8.6  16.2  00:15     NW
----------------------------------------------------------------------------------------------------------------------------------------------------------
    29.5  43.0    12    15.4    8   1093.3  00.0  0.02   8.2  15.9     2      NE

Max >=  80.0:  0
Max <=  32.0:  1
Min <=  32.0: 31
Min <=   0.0:  4
Max Rain: 0.19 on day 22
Days of Rain: 1 (>= 0.01 in)  0 (>= 0.10 in)  0 (>= 1.00 in)
Heat Base: 65.0  Cool Base: 65.0  Method: Integration