NOAA-Style Climate Reports

Select a Year or Month report
2017: Jan Feb Mar Apr May Jun Jul Aug Sep Oct Nov Dec
2016: Jan Feb Mar Apr May Jun Jul Aug Sep Oct Nov Dec
2015: Jan Feb Mar Apr May Jun Jul Aug Sep Oct Nov Dec
2014: Jan Feb Mar Apr May Jun Jul Aug Sep Oct Nov Dec
2013: Jan Feb Mar Apr May Jun Jul Aug Sep Oct Nov Dec
2012: Jan Feb Mar Apr May Jun Jul Aug Sep Oct Nov Dec
2011: Jan Feb Mar Apr May Jun Jul Aug Sep Oct Nov Dec
2010: Jan Feb Mar Apr May Jun Jul Aug Sep Oct Nov Dec

Report for 2017 May
                   Monthly Climatological Summary for May 2017

Name: StetsonWX   City: Colorado Springs   State: Colorado
Elevation: 6584 ft  Lat: N 38° 54' 02"   Lon: W 104° 42' 23"

                  Temperature (°F), Rain (in), Wind Speed (mph)

                                      Heat  Cool        Avg
    Mean                              Deg   Deg         Wind                 Dom
Day Temp  High   Time   Low    Time   Days  Days  Rain  Speed High   Time    Dir
----------------------------------------------------------------------------------
 1  49.6  66.3   1:45p  29.8   5:51a  15.5   0.0  0.00   0.7  13.0   2:12p   ESE
 2  41.2  51.6  12:27p  31.3   4:49a  23.8   0.0  0.19   0.9  13.0   8:40a    SE
 3  41.7  51.2   4:29p  33.1  11:59p  23.3   0.0  0.03   1.1  14.0   1:35p   NNE
 4  51.5  70.2   1:54p  28.2   5:10a  14.0   0.6  0.00   0.9  13.0  10:55a    NE
 5  58.0  74.7  12:09p  37.1   5:37a   9.5   2.5  0.00   1.0  15.0   3:28p    SE
 6  60.8  78.3  12:13p  43.5   5:51a   7.8   3.7  0.31   0.9  17.0   8:08p   ESE
 7  57.8  76.4   1:15p  44.0   3:24a   8.6   1.3  0.04   0.7  16.0   2:11p    SE
 8  55.8  75.3   9:30a  41.3   6:00a  10.9   1.7  0.20   0.7  23.0   4:08p   ESE
 9  49.4  56.2   2:53p  45.7   5:55a  15.6   0.0  0.22   1.0  19.0   1:31p    SE
10  50.6  64.9   1:28p  41.3   4:47a  14.4   0.0  0.03   1.1  13.0   7:06a   NNE
11  50.2  62.7   2:11p  43.2   6:13a  14.8   0.0  0.00   0.9  12.0   6:55p    NE
12  56.0  69.2   1:45p  43.5   6:31a   9.5   0.5  0.00   2.1  20.0   4:56p    SE
13  62.6  82.6   1:54p  39.9   5:34a   7.6   5.2  0.00   1.4  20.0   1:17p    SE
14  62.0  74.2   3:26p  46.8   4:32a   5.5   2.5  0.00   1.7  18.0   2:11p   ESE
15  63.4  78.6   3:06p  47.4   3:03a   5.7   4.2  0.00   1.6  20.0   2:18p    SE
16  57.6  72.6  12:42p  43.5   4:51a   8.7   1.4  0.00   1.7  18.0   1:19p    SE
17  55.8  73.7   2:28p  38.2   5:34a  10.1   0.9  0.02   1.0  15.0   6:40p   ESE
18  36.6  48.3   1:56p  31.0  10:45p  28.4   0.0  1.75   0.6  13.0   7:28p     N
19  36.3  43.9   2:49p  30.9   5:18a  28.7   0.0  0.01   0.9  11.0  11:03a     N
20  45.8  60.3   4:06p  28.2   6:07a  19.2   0.0  0.00   0.6  11.0   2:03p     E
21  52.7  65.3  11:35a  38.5  12:28a  12.3   0.0  0.04   1.0  12.0   2:56p   ESE
22  49.9  68.0   2:23p  36.5  11:49p  15.1   0.0  0.15   0.6  14.0   5:57p   NNE
23  48.7  62.0   3:27p  34.1   5:16a  16.3   0.0  0.01   0.7  11.0   1:51p     N
24  60.1  83.3   3:57p  33.7   4:44a  10.0   5.2  0.00   0.8  13.0   2:04p    SE
25  63.9  81.4  10:44a  47.6   5:54a   5.9   4.8  0.00   0.9  14.0   2:05p   ENE
----------------------------------------------------------------------------------
    52.7  83.3    24    28.2     4   341.2  34.5  3.00   1.0  23.0     8       E

Max >=  80.0:  3
Max <=  32.0:  0
Min <=  32.0:  6
Min <=   0.0:  0
Max Rain: 1.75 on day 18
Days of Rain: 13 (>= 0.01 in)  6 (>= 0.10 in)  1 (>= 1.00 in)
Heat Base: 65.0  Cool Base: 65.0  Method: Integration