NOAA-Style Climate Reports

Select a Year or Month report
2017: Jan Feb Mar Apr May Jun Jul Aug Sep Oct Nov Dec
2016: Jan Feb Mar Apr May Jun Jul Aug Sep Oct Nov Dec
2015: Jan Feb Mar Apr May Jun Jul Aug Sep Oct Nov Dec
2014: Jan Feb Mar Apr May Jun Jul Aug Sep Oct Nov Dec
2013: Jan Feb Mar Apr May Jun Jul Aug Sep Oct Nov Dec
2012: Jan Feb Mar Apr May Jun Jul Aug Sep Oct Nov Dec
2011: Jan Feb Mar Apr May Jun Jul Aug Sep Oct Nov Dec
2010: Jan Feb Mar Apr May Jun Jul Aug Sep Oct Nov Dec

Report for 2017 August
                   Monthly Climatological Summary for Aug 2017

Name: StetsonWX   City: Colorado Springs   State: Colorado
Elevation: 6584 ft  Lat: N 38° 54' 02"   Lon: W 104° 42' 23"

                  Temperature (°F), Rain (in), Wind Speed (mph)

                                      Heat  Cool        Avg
    Mean                              Deg   Deg         Wind                 Dom
Day Temp  High   Time   Low    Time   Days  Days  Rain  Speed High   Time    Dir
----------------------------------------------------------------------------------
 1  67.2  81.4  12:32p  52.0   6:21a   4.0   6.2  0.01   0.5  11.0   3:48p     E
 2  65.5  80.2   1:16p  49.1   6:00a   4.1   4.6  0.01   0.4  11.0   1:55p    SE
 3  60.9  69.0  10:58a  54.9   6:33a   4.3   0.2  0.07   0.6  10.0  12:30p     E
 4  62.5  76.2   1:31p  54.2   5:39a   4.1   1.5  0.19   0.6   9.0   2:28p   ESE
 5  66.3  79.5   1:28p  50.9   3:25a   2.0   3.3  0.00   0.4  10.0   6:37p     N
 6  60.7  71.3  11:24a  49.3   5:30a   5.6   1.3  0.11   0.6  11.0  10:35a     E
 7  56.5  60.9   4:07p  52.7   1:36a   8.5   0.0  0.46   0.5   8.0   1:19p   ESE
 8  60.1  71.6   1:29p  54.5   3:37a   5.4   0.6  0.97   0.5  11.0   2:02p   ESE
 9  60.8  75.3  12:30p  49.5   6:23a   6.1   2.0  0.64   0.2   8.0  11:52a   ENE
10  61.6  75.9   1:54p  52.7   1:06a   5.4   2.0  0.44   0.6  12.0   1:58p     E
11  58.0  64.0   4:39p  52.2   3:51a   7.0   0.0  0.01   0.9  11.0   8:08p   ESE
12  62.4  78.0   1:02p  48.5   6:25a   5.9   3.3  0.00   0.4   9.0   3:30p   ESE
13  63.9  82.8  11:30a  51.2   2:30a   5.2   4.1  0.23   0.3   8.0   1:11p     E
14  65.4  84.2  11:53a  49.8   5:59a   4.9   5.3  0.00   0.4  15.0   4:59p   ESE
15  66.5  82.4  12:17p  54.0   6:10a   3.4   4.9  0.00   0.7  15.0   7:36p     E
16  61.3  71.1  11:28a  52.8   2:54a   4.9   1.2  0.01   0.5   9.0  12:00p   ESE
17  64.4  79.6  11:55a  51.3   6:28a   4.8   4.3  0.00   0.5  12.0   1:29p   ESE
18  67.7  83.4  10:32a  51.1   2:32a   4.2   6.9  0.00   0.9  17.0   1:44p    SE
19  69.2  86.6  11:00a  52.8   4:38a   3.8   8.0  0.00   0.5  15.0   6:33p   ESE
----------------------------------------------------------------------------------
    63.2  86.6    19    48.5    12    93.6  59.7  3.15   0.5  17.0    18     ESE

Max >=  80.0:  7
Max <=  32.0:  0
Min <=  32.0:  0
Min <=   0.0:  0
Max Rain: 0.97 on day 8
Days of Rain: 12 (>= 0.01 in)  7 (>= 0.10 in)  0 (>= 1.00 in)
Heat Base: 65.0  Cool Base: 65.0  Method: Integration