NOAA-Style Climate Reports

Select a Year or Month report
2017: Jan Feb Mar Apr May Jun Jul Aug Sep Oct Nov Dec
2016: Jan Feb Mar Apr May Jun Jul Aug Sep Oct Nov Dec
2015: Jan Feb Mar Apr May Jun Jul Aug Sep Oct Nov Dec
2014: Jan Feb Mar Apr May Jun Jul Aug Sep Oct Nov Dec
2013: Jan Feb Mar Apr May Jun Jul Aug Sep Oct Nov Dec
2012: Jan Feb Mar Apr May Jun Jul Aug Sep Oct Nov Dec
2011: Jan Feb Mar Apr May Jun Jul Aug Sep Oct Nov Dec
2010: Jan Feb Mar Apr May Jun Jul Aug Sep Oct Nov Dec

Report for 2017 December
                   Monthly Climatological Summary for Dec 2017

Name: StetsonWX   City: Colorado Springs   State: Colorado
Elevation: 6584 ft  Lat: N 38° 54' 02"   Lon: W 104° 42' 23"

                  Temperature (°F), Rain (in), Wind Speed (mph)

                                      Heat  Cool        Avg
    Mean                              Deg   Deg         Wind                 Dom
Day Temp  High   Time   Low    Time   Days  Days  Rain  Speed High   Time    Dir
----------------------------------------------------------------------------------
 1  48.3  64.5   2:09p  28.5  10:19p  16.7   0.0  0.00   0.8  11.0   3:20p   NNE
 2  41.2  59.3   2:05p  26.3   6:23a  23.8   0.0  0.00   0.5   9.0   1:57p    SE
 3  47.0  63.6  12:57p  30.8   6:19a  18.0   0.0  0.00   0.7  22.0   3:37p    SW
 4  33.1  49.0  12:50a  15.5  10:27p  31.9   0.0  0.00   1.5  18.0   5:07a   NNE
 5  25.4  42.2   2:06p  10.3   5:53a  39.6   0.0  0.00   0.4  10.0  11:37a    SE
 6  22.9  34.8  10:23a  13.0   7:17a  42.1   0.0  0.00   0.6  12.0   6:06p    NE
 7  21.6  33.8  11:58p   5.4   6:07a  43.4   0.0  0.00   1.0  18.0   1:37p     N
 8  39.3  49.9   1:24p  23.9  11:35p  25.7   0.0  0.00   2.3  18.0  11:29a     N
 9  36.4  57.7   2:13p  21.4   5:55a  28.6   0.0  0.00   0.4  10.0   2:17p    SE
10  34.2  55.0   2:10p  19.5   4:41a  30.8   0.0  0.00   0.3   8.0  12:16p    SE
11  38.7  57.2  12:36p  24.6  11:50p  26.3   0.0  0.00   0.5  10.0   3:31p   ESE
----------------------------------------------------------------------------------
    35.3  64.5     1     5.4     7   326.9   0.0  0.00   0.8  22.0     3     NNE

Max >=  80.0:  0
Max <=  32.0:  0
Min <=  32.0: 11
Min <=   0.0:  0
Max Rain: 0.00 on day 0
Days of Rain: 0 (>= 0.01 in)  0 (>= 0.10 in)  0 (>= 1.00 in)
Heat Base: 65.0  Cool Base: 65.0  Method: Integration