NOAA-Style Climate Reports

Select a Year or Month report
2018: Jan Feb Mar Apr May Jun Jul Aug Sep Oct Nov Dec
2017: Jan Feb Mar Apr May Jun Jul Aug Sep Oct Nov Dec
2016: Jan Feb Mar Apr May Jun Jul Aug Sep Oct Nov Dec
2015: Jan Feb Mar Apr May Jun Jul Aug Sep Oct Nov Dec
2014: Jan Feb Mar Apr May Jun Jul Aug Sep Oct Nov Dec
2013: Jan Feb Mar Apr May Jun Jul Aug Sep Oct Nov Dec
2012: Jan Feb Mar Apr May Jun Jul Aug Sep Oct Nov Dec
2011: Jan Feb Mar Apr May Jun Jul Aug Sep Oct Nov Dec
2010: Jan Feb Mar Apr May Jun Jul Aug Sep Oct Nov Dec

Report for 2018 November
                   Monthly Climatological Summary for Nov 2018

Name: StetsonWX   City: Colorado Springs   State: Colorado
Elevation: 6584 ft  Lat: N 38° 54' 02"   Lon: W 104° 42' 23"

                  Temperature (°F), Rain (in), Wind Speed (mph)

                                      Heat  Cool        Avg
    Mean                              Deg   Deg         Wind                 Dom
Day Temp  High   Time   Low    Time   Days  Days  Rain  Speed High   Time    Dir
----------------------------------------------------------------------------------
 1  37.6  48.3  11:21a  26.0  12:49a  27.4   0.0  0.00   2.3  13.0  12:00p   NNW
 2  41.6  58.1   5:24p  24.4   7:44a  23.4   0.0  0.00   1.9  23.0  11:23p   WNW
 3  39.7  48.5  12:00a  29.1  11:39p  25.3   0.0  0.00   3.8  22.0  11:05a    NW
 4  37.7  45.8   7:34p  26.0   6:20a  28.5   0.0  0.00   1.0  13.0   7:23p    NW
 5  41.1  54.8   1:21p  29.1  11:49p  23.9   0.0  0.00   2.9  18.0  12:33p   WNW
 6  37.9  49.6  10:43a  25.3   2:56a  27.1   0.0  0.00   1.8  12.0   3:51p    NE
 7  32.6  40.0   2:35p  23.1   6:55a  32.4   0.0  0.00   1.6  15.0   3:41p   ESE
 8  31.4  40.1  10:37a  22.4  11:47p  33.6   0.0  0.00   1.9  14.0  10:14a   NNW
 9  26.2  38.3   1:47p  16.2   6:42a  38.8   0.0  0.00   1.1   9.0  11:07a   ESE
10  39.9  56.8   1:47p  17.8  12:42a  17.2   0.0  0.00   2.8  15.0   6:23p   ENE
11  24.0  30.0  12:00a  19.4  11:53p  41.0   0.0  0.00   3.0  12.0   1:15p   ENE
12  18.9  28.9   1:47p   9.8  10:57p  46.1   0.0  0.00   2.3  13.0   5:35a    NW
13  28.7  43.7  12:24p   9.2  12:32a  36.3   0.0  0.07   2.0  14.0  10:00a     N
----------------------------------------------------------------------------------
    33.6  58.1     2     9.2    13   401.0   0.0  0.07   2.2  23.0     2       N

Max >=  80.0:  0
Max <=  32.0:  2
Min <=  32.0: 13
Min <=   0.0:  0
Max Rain: 0.07 on day 13
Days of Rain: 1 (>= 0.01 in)  0 (>= 0.10 in)  0 (>= 1.00 in)
Heat Base: 65.0  Cool Base: 65.0  Method: Integration